{"id":13967,"date":"2017-05-21T14:23:44","date_gmt":"2017-05-21T12:23:44","guid":{"rendered":"http:\/\/charles-de-flahaut.fr\/annuaire-histoire-communes\/annuaire-professionnel\/13967\/?post_type=wpbdp_listing&#038;p=13967"},"modified":"2017-05-21T14:23:44","modified_gmt":"2017-05-21T12:23:44","slug":"histoire-et-patrimoine-de-la-ferte-mace-orne","status":"publish","type":"wpbdp_listing","link":"https:\/\/charles-de-flahaut.fr\/annuaire-histoire-communes\/annuaire-professionnel\/histoire-et-patrimoine-de-la-ferte-mace-orne\/","title":{"rendered":"Histoire et patrimoine de La Fert\u00e9-Mac\u00e9 (Orne)"},"content":{"rendered":"<p>Au moyen-\u00e2ge, le bourg poss\u00e9dait une place-forte situ\u00e9e \u00e0 l\u2019emplacement de la place Neustadt, d\u00e9nomm\u00e9e ant\u00e9rieurement place du Ch\u00e2teau. Cette forteresse dont l\u2019un de ses barons au d\u00e9but du XII\u00e8me si\u00e8cle, s\u2019appelait Mathieu, lui apporta son nom (firmitas Mathei ou f\u00e9rita Mathei). Un \u00e9difice du XI\u00e8me si\u00e8cle t\u00e9moigne de cette \u00e9poque, l\u2019\u00e9glise Notre-Dame dont il reste quelques trav\u00e9es et sa tour carr\u00e9e qui \u00e9tait situ\u00e9e \u00e0 la crois\u00e9e du transept&#8230;<br \/>\n(image et extrait du site officiel de la commune)<\/p>\n","protected":false},"excerpt":{"rendered":"<p>Au moyen-\u00e2ge, le bourg poss\u00e9dait une place-forte situ\u00e9e \u00e0 l\u2019emplacement de la place Neustadt, d\u00e9nomm\u00e9e ant\u00e9rieurement place du Ch\u00e2teau. Cette forteresse dont l\u2019un de ses barons au d\u00e9but du XII\u00e8me si\u00e8cle, s\u2019appelait Mathieu, lui apporta son nom (firmitas Mathei ou &hellip; <a href=\"https:\/\/charles-de-flahaut.fr\/annuaire-histoire-communes\/annuaire-professionnel\/histoire-et-patrimoine-de-la-ferte-mace-orne\/\">Continuer la lecture <span class=\"meta-nav\">&rarr;<\/span><\/a><\/p>\n","protected":false},"author":1,"featured_media":0,"comment_status":"open","ping_status":"closed","template":"","meta":[],"wpbdp_category":[18],"wpbdp_tag":[],"class_list":["post-13967","wpbdp_listing","type-wpbdp_listing","status-publish","hentry","wpbdp_category-61-orne"],"yoast_head":"<!-- This site is optimized with the Yoast SEO plugin v26.6 - https:\/\/yoast.com\/wordpress\/plugins\/seo\/ -->\n<title>Histoire et patrimoine de La Fert\u00e9-Mac\u00e9 (Orne) - Annuaire Historique des Communes de France<\/title>\n<meta name=\"robots\" content=\"index, follow, max-snippet:-1, max-image-preview:large, max-video-preview:-1\" \/>\n<link rel=\"canonical\" href=\"https:\/\/charles-de-flahaut.fr\/annuaire-histoire-communes\/annuaire-professionnel\/histoire-et-patrimoine-de-la-ferte-mace-orne\/\" \/>\n<meta property=\"og:locale\" content=\"fr_FR\" \/>\n<meta property=\"og:type\" content=\"article\" \/>\n<meta property=\"og:title\" content=\"Histoire et patrimoine de La Fert\u00e9-Mac\u00e9 (Orne) - Annuaire Historique des Communes de France\" \/>\n<meta property=\"og:description\" content=\"Au moyen-\u00e2ge, le bourg poss\u00e9dait une place-forte situ\u00e9e \u00e0 l\u2019emplacement de la place Neustadt, d\u00e9nomm\u00e9e ant\u00e9rieurement place du Ch\u00e2teau. Cette forteresse dont l\u2019un de ses barons au d\u00e9but du XII\u00e8me si\u00e8cle, s\u2019appelait Mathieu, lui apporta son nom (firmitas Mathei ou &hellip; Continuer la lecture &rarr;\" \/>\n<meta property=\"og:url\" content=\"https:\/\/charles-de-flahaut.fr\/annuaire-histoire-communes\/annuaire-professionnel\/histoire-et-patrimoine-de-la-ferte-mace-orne\/\" \/>\n<meta property=\"og:site_name\" content=\"Annuaire Historique des Communes de France\" \/>\n<meta property=\"article:publisher\" content=\"https:\/\/www.facebook.com\/Sites.HistoiredeFrance\" \/>\n<meta name=\"twitter:card\" content=\"summary_large_image\" \/>\n<script type=\"application\/ld+json\" class=\"yoast-schema-graph\">{\"@context\":\"https:\/\/schema.org\",\"@graph\":[{\"@type\":\"WebPage\",\"@id\":\"https:\/\/charles-de-flahaut.fr\/annuaire-histoire-communes\/annuaire-professionnel\/histoire-et-patrimoine-de-la-ferte-mace-orne\/\",\"url\":\"https:\/\/charles-de-flahaut.fr\/annuaire-histoire-communes\/annuaire-professionnel\/histoire-et-patrimoine-de-la-ferte-mace-orne\/\",\"name\":\"Histoire et patrimoine de La Fert\u00e9-Mac\u00e9 (Orne) - Annuaire Historique des Communes de France\",\"isPartOf\":{\"@id\":\"https:\/\/charles-de-flahaut.fr\/annuaire-histoire-communes\/#website\"},\"datePublished\":\"2017-05-21T12:23:44+00:00\",\"breadcrumb\":{\"@id\":\"https:\/\/charles-de-flahaut.fr\/annuaire-histoire-communes\/annuaire-professionnel\/histoire-et-patrimoine-de-la-ferte-mace-orne\/#breadcrumb\"},\"inLanguage\":\"fr-FR\",\"potentialAction\":[{\"@type\":\"ReadAction\",\"target\":[\"https:\/\/charles-de-flahaut.fr\/annuaire-histoire-communes\/annuaire-professionnel\/histoire-et-patrimoine-de-la-ferte-mace-orne\/\"]}]},{\"@type\":\"BreadcrumbList\",\"@id\":\"https:\/\/charles-de-flahaut.fr\/annuaire-histoire-communes\/annuaire-professionnel\/histoire-et-patrimoine-de-la-ferte-mace-orne\/#breadcrumb\",\"itemListElement\":[{\"@type\":\"ListItem\",\"position\":1,\"name\":\"Accueil\",\"item\":\"https:\/\/charles-de-flahaut.fr\/annuaire-histoire-communes\/\"},{\"@type\":\"ListItem\",\"position\":2,\"name\":\"Histoire et patrimoine de La Fert\u00e9-Mac\u00e9 (Orne)\"}]},{\"@type\":\"WebSite\",\"@id\":\"https:\/\/charles-de-flahaut.fr\/annuaire-histoire-communes\/#website\",\"url\":\"https:\/\/charles-de-flahaut.fr\/annuaire-histoire-communes\/\",\"name\":\"Annuaire Historique des Communes de France\",\"description\":\"annuaire recensant les pages relatives \u00e0 l&#039;Histoire et au Patrimoine des villes et villages de France\",\"publisher\":{\"@id\":\"https:\/\/charles-de-flahaut.fr\/annuaire-histoire-communes\/#\/schema\/person\/d16946e994227e7154f6f213ea03ae7b\"},\"potentialAction\":[{\"@type\":\"SearchAction\",\"target\":{\"@type\":\"EntryPoint\",\"urlTemplate\":\"https:\/\/charles-de-flahaut.fr\/annuaire-histoire-communes\/?s={search_term_string}\"},\"query-input\":{\"@type\":\"PropertyValueSpecification\",\"valueRequired\":true,\"valueName\":\"search_term_string\"}}],\"inLanguage\":\"fr-FR\"},{\"@type\":[\"Person\",\"Organization\"],\"@id\":\"https:\/\/charles-de-flahaut.fr\/annuaire-histoire-communes\/#\/schema\/person\/d16946e994227e7154f6f213ea03ae7b\",\"name\":\"administrateur2\",\"image\":{\"@type\":\"ImageObject\",\"inLanguage\":\"fr-FR\",\"@id\":\"https:\/\/charles-de-flahaut.fr\/annuaire-histoire-communes\/#\/schema\/person\/image\/\",\"url\":\"https:\/\/secure.gravatar.com\/avatar\/d0fc7d68e15c7c456cf6f1b9b774d54a7a9e6452d8deac23b3f1ef133710d3d3?s=96&d=mm&r=g\",\"contentUrl\":\"https:\/\/secure.gravatar.com\/avatar\/d0fc7d68e15c7c456cf6f1b9b774d54a7a9e6452d8deac23b3f1ef133710d3d3?s=96&d=mm&r=g\",\"caption\":\"administrateur2\"},\"logo\":{\"@id\":\"https:\/\/charles-de-flahaut.fr\/annuaire-histoire-communes\/#\/schema\/person\/image\/\"},\"sameAs\":[\"https:\/\/www.facebook.com\/Sites.HistoiredeFrance\"]}]}<\/script>\n<!-- \/ Yoast SEO plugin. -->","yoast_head_json":{"title":"Histoire et patrimoine de La Fert\u00e9-Mac\u00e9 (Orne) - Annuaire Historique des Communes de France","robots":{"index":"index","follow":"follow","max-snippet":"max-snippet:-1","max-image-preview":"max-image-preview:large","max-video-preview":"max-video-preview:-1"},"canonical":"https:\/\/charles-de-flahaut.fr\/annuaire-histoire-communes\/annuaire-professionnel\/histoire-et-patrimoine-de-la-ferte-mace-orne\/","og_locale":"fr_FR","og_type":"article","og_title":"Histoire et patrimoine de La Fert\u00e9-Mac\u00e9 (Orne) - Annuaire Historique des Communes de France","og_description":"Au moyen-\u00e2ge, le bourg poss\u00e9dait une place-forte situ\u00e9e \u00e0 l\u2019emplacement de la place Neustadt, d\u00e9nomm\u00e9e ant\u00e9rieurement place du Ch\u00e2teau. Cette forteresse dont l\u2019un de ses barons au d\u00e9but du XII\u00e8me si\u00e8cle, s\u2019appelait Mathieu, lui apporta son nom (firmitas Mathei ou &hellip; Continuer la lecture &rarr;","og_url":"https:\/\/charles-de-flahaut.fr\/annuaire-histoire-communes\/annuaire-professionnel\/histoire-et-patrimoine-de-la-ferte-mace-orne\/","og_site_name":"Annuaire Historique des Communes de France","article_publisher":"https:\/\/www.facebook.com\/Sites.HistoiredeFrance","twitter_card":"summary_large_image","schema":{"@context":"https:\/\/schema.org","@graph":[{"@type":"WebPage","@id":"https:\/\/charles-de-flahaut.fr\/annuaire-histoire-communes\/annuaire-professionnel\/histoire-et-patrimoine-de-la-ferte-mace-orne\/","url":"https:\/\/charles-de-flahaut.fr\/annuaire-histoire-communes\/annuaire-professionnel\/histoire-et-patrimoine-de-la-ferte-mace-orne\/","name":"Histoire et patrimoine de La Fert\u00e9-Mac\u00e9 (Orne) - Annuaire Historique des Communes de France","isPartOf":{"@id":"https:\/\/charles-de-flahaut.fr\/annuaire-histoire-communes\/#website"},"datePublished":"2017-05-21T12:23:44+00:00","breadcrumb":{"@id":"https:\/\/charles-de-flahaut.fr\/annuaire-histoire-communes\/annuaire-professionnel\/histoire-et-patrimoine-de-la-ferte-mace-orne\/#breadcrumb"},"inLanguage":"fr-FR","potentialAction":[{"@type":"ReadAction","target":["https:\/\/charles-de-flahaut.fr\/annuaire-histoire-communes\/annuaire-professionnel\/histoire-et-patrimoine-de-la-ferte-mace-orne\/"]}]},{"@type":"BreadcrumbList","@id":"https:\/\/charles-de-flahaut.fr\/annuaire-histoire-communes\/annuaire-professionnel\/histoire-et-patrimoine-de-la-ferte-mace-orne\/#breadcrumb","itemListElement":[{"@type":"ListItem","position":1,"name":"Accueil","item":"https:\/\/charles-de-flahaut.fr\/annuaire-histoire-communes\/"},{"@type":"ListItem","position":2,"name":"Histoire et patrimoine de La Fert\u00e9-Mac\u00e9 (Orne)"}]},{"@type":"WebSite","@id":"https:\/\/charles-de-flahaut.fr\/annuaire-histoire-communes\/#website","url":"https:\/\/charles-de-flahaut.fr\/annuaire-histoire-communes\/","name":"Annuaire Historique des Communes de France","description":"annuaire recensant les pages relatives \u00e0 l&#039;Histoire et au Patrimoine des villes et villages de France","publisher":{"@id":"https:\/\/charles-de-flahaut.fr\/annuaire-histoire-communes\/#\/schema\/person\/d16946e994227e7154f6f213ea03ae7b"},"potentialAction":[{"@type":"SearchAction","target":{"@type":"EntryPoint","urlTemplate":"https:\/\/charles-de-flahaut.fr\/annuaire-histoire-communes\/?s={search_term_string}"},"query-input":{"@type":"PropertyValueSpecification","valueRequired":true,"valueName":"search_term_string"}}],"inLanguage":"fr-FR"},{"@type":["Person","Organization"],"@id":"https:\/\/charles-de-flahaut.fr\/annuaire-histoire-communes\/#\/schema\/person\/d16946e994227e7154f6f213ea03ae7b","name":"administrateur2","image":{"@type":"ImageObject","inLanguage":"fr-FR","@id":"https:\/\/charles-de-flahaut.fr\/annuaire-histoire-communes\/#\/schema\/person\/image\/","url":"https:\/\/secure.gravatar.com\/avatar\/d0fc7d68e15c7c456cf6f1b9b774d54a7a9e6452d8deac23b3f1ef133710d3d3?s=96&d=mm&r=g","contentUrl":"https:\/\/secure.gravatar.com\/avatar\/d0fc7d68e15c7c456cf6f1b9b774d54a7a9e6452d8deac23b3f1ef133710d3d3?s=96&d=mm&r=g","caption":"administrateur2"},"logo":{"@id":"https:\/\/charles-de-flahaut.fr\/annuaire-histoire-communes\/#\/schema\/person\/image\/"},"sameAs":["https:\/\/www.facebook.com\/Sites.HistoiredeFrance"]}]}},"amp_enabled":true,"_links":{"self":[{"href":"https:\/\/charles-de-flahaut.fr\/annuaire-histoire-communes\/wp-json\/wp\/v2\/wpbdp_listing\/13967","targetHints":{"allow":["GET"]}}],"collection":[{"href":"https:\/\/charles-de-flahaut.fr\/annuaire-histoire-communes\/wp-json\/wp\/v2\/wpbdp_listing"}],"about":[{"href":"https:\/\/charles-de-flahaut.fr\/annuaire-histoire-communes\/wp-json\/wp\/v2\/types\/wpbdp_listing"}],"author":[{"embeddable":true,"href":"https:\/\/charles-de-flahaut.fr\/annuaire-histoire-communes\/wp-json\/wp\/v2\/users\/1"}],"replies":[{"embeddable":true,"href":"https:\/\/charles-de-flahaut.fr\/annuaire-histoire-communes\/wp-json\/wp\/v2\/comments?post=13967"}],"wp:attachment":[{"href":"https:\/\/charles-de-flahaut.fr\/annuaire-histoire-communes\/wp-json\/wp\/v2\/media?parent=13967"}],"wp:term":[{"taxonomy":"wpbdp_category","embeddable":true,"href":"https:\/\/charles-de-flahaut.fr\/annuaire-histoire-communes\/wp-json\/wp\/v2\/wpbdp_category?post=13967"},{"taxonomy":"wpbdp_tag","embeddable":true,"href":"https:\/\/charles-de-flahaut.fr\/annuaire-histoire-communes\/wp-json\/wp\/v2\/wpbdp_tag?post=13967"}],"curies":[{"name":"wp","href":"https:\/\/api.w.org\/{rel}","templated":true}]}}

Histoire et patrimoine de La Ferté-Macé (Orne)

<p>Au moyen-âge, le bourg possédait une place-forte située à l’emplacement de la place Neustadt, dénommée antérieurement place du Château. Cette forteresse dont l’un de ses barons au début du XIIème siècle, s’appelait Mathieu, lui apporta son nom (firmitas Mathei ou férita Mathei). Un édifice du XIème siècle témoigne de cette époque, l’église Notre-Dame dont il reste quelques travées et sa tour carrée qui était située à la croisée du transept&#8230;<br />
(image et extrait du site officiel de la commune)</p>

<p>Au moyen-âge, le bourg possédait une place-forte située à l’emplacement de la place Neustadt, dénommée antérieurement place du Château. Cette forteresse dont l’un de ses barons au début du XIIème siècle, s’appelait Mathieu, lui apporta son nom (firmitas Mathei ou &hellip; <a href="https://charles-de-flahaut.fr/annuaire-histoire-communes/annuaire-professionnel/histoire-et-patrimoine-de-la-ferte-mace-orne/">Continuer la lecture <span class="meta-nav">&rarr;</span></a></p>

<!-- This site is optimized with the Yoast SEO plugin v26.6 - https://yoast.com/wordpress/plugins/seo/ -->
<title>Histoire et patrimoine de La Ferté-Macé (Orne) - Annuaire Historique des Communes de France</title>
<meta name="robots" content="index, follow, max-snippet:-1, max-image-preview:large, max-video-preview:-1" />
<link rel="canonical" href="https://charles-de-flahaut.fr/annuaire-histoire-communes/annuaire-professionnel/histoire-et-patrimoine-de-la-ferte-mace-orne/" />
<meta property="og:locale" content="fr_FR" />
<meta property="og:type" content="article" />
<meta property="og:title" content="Histoire et patrimoine de La Ferté-Macé (Orne) - Annuaire Historique des Communes de France" />
<meta property="og:description" content="Au moyen-âge, le bourg possédait une place-forte située à l’emplacement de la place Neustadt, dénommée antérieurement place du Château. Cette forteresse dont l’un de ses barons au début du XIIème siècle, s’appelait Mathieu, lui apporta son nom (firmitas Mathei ou &hellip; Continuer la lecture &rarr;" />
<meta property="og:url" content="https://charles-de-flahaut.fr/annuaire-histoire-communes/annuaire-professionnel/histoire-et-patrimoine-de-la-ferte-mace-orne/" />
<meta property="og:site_name" content="Annuaire Historique des Communes de France" />
<meta property="article:publisher" content="https://www.facebook.com/Sites.HistoiredeFrance" />
<meta name="twitter:card" content="summary_large_image" />
<script type="application/ld+json" class="yoast-schema-graph">{"@context":"https://schema.org","@graph":[{"@type":"WebPage","@id":"https://charles-de-flahaut.fr/annuaire-histoire-communes/annuaire-professionnel/histoire-et-patrimoine-de-la-ferte-mace-orne/","url":"https://charles-de-flahaut.fr/annuaire-histoire-communes/annuaire-professionnel/histoire-et-patrimoine-de-la-ferte-mace-orne/","name":"Histoire et patrimoine de La Ferté-Macé (Orne) - Annuaire Historique des Communes de France","isPartOf":{"@id":"https://charles-de-flahaut.fr/annuaire-histoire-communes/#website"},"datePublished":"2017-05-21T12:23:44+00:00","breadcrumb":{"@id":"https://charles-de-flahaut.fr/annuaire-histoire-communes/annuaire-professionnel/histoire-et-patrimoine-de-la-ferte-mace-orne/#breadcrumb"},"inLanguage":"fr-FR","potentialAction":[{"@type":"ReadAction","target":["https://charles-de-flahaut.fr/annuaire-histoire-communes/annuaire-professionnel/histoire-et-patrimoine-de-la-ferte-mace-orne/"]}]},{"@type":"BreadcrumbList","@id":"https://charles-de-flahaut.fr/annuaire-histoire-communes/annuaire-professionnel/histoire-et-patrimoine-de-la-ferte-mace-orne/#breadcrumb","itemListElement":[{"@type":"ListItem","position":1,"name":"Accueil","item":"https://charles-de-flahaut.fr/annuaire-histoire-communes/"},{"@type":"ListItem","position":2,"name":"Histoire et patrimoine de La Ferté-Macé (Orne)"}]},{"@type":"WebSite","@id":"https://charles-de-flahaut.fr/annuaire-histoire-communes/#website","url":"https://charles-de-flahaut.fr/annuaire-histoire-communes/","name":"Annuaire Historique des Communes de France","description":"annuaire recensant les pages relatives à l&#039;Histoire et au Patrimoine des villes et villages de France","publisher":{"@id":"https://charles-de-flahaut.fr/annuaire-histoire-communes/#/schema/person/d16946e994227e7154f6f213ea03ae7b"},"potentialAction":[{"@type":"SearchAction","target":{"@type":"EntryPoint","urlTemplate":"https://charles-de-flahaut.fr/annuaire-histoire-communes/?s={search_term_string}"},"query-input":{"@type":"PropertyValueSpecification","valueRequired":true,"valueName":"search_term_string"}}],"inLanguage":"fr-FR"},{"@type":["Person","Organization"],"@id":"https://charles-de-flahaut.fr/annuaire-histoire-communes/#/schema/person/d16946e994227e7154f6f213ea03ae7b","name":"administrateur2","image":{"@type":"ImageObject","inLanguage":"fr-FR","@id":"https://charles-de-flahaut.fr/annuaire-histoire-communes/#/schema/person/image/","url":"https://secure.gravatar.com/avatar/d0fc7d68e15c7c456cf6f1b9b774d54a7a9e6452d8deac23b3f1ef133710d3d3?s=96&d=mm&r=g","contentUrl":"https://secure.gravatar.com/avatar/d0fc7d68e15c7c456cf6f1b9b774d54a7a9e6452d8deac23b3f1ef133710d3d3?s=96&d=mm&r=g","caption":"administrateur2"},"logo":{"@id":"https://charles-de-flahaut.fr/annuaire-histoire-communes/#/schema/person/image/"},"sameAs":["https://www.facebook.com/Sites.HistoiredeFrance"]}]}</script>
<!-- / Yoast SEO plugin. -->

Histoire et patrimoine de La Ferté-Macé (Orne) - Annuaire Historique des Communes de France

Au moyen-âge, le bourg possédait une place-forte située à l’emplacement de la place Neustadt, dénommée antérieurement place du Château. Cette forteresse dont l’un de ses barons au début du XIIème siècle, s’appelait Mathieu, lui apporta son nom (firmitas Mathei ou &hellip; Continuer la lecture &rarr;

annuaire recensant les pages relatives à l&#039;Histoire et au Patrimoine des villes et villages de France
