{"id":5072,"date":"2017-04-11T11:10:15","date_gmt":"2017-04-11T09:10:15","guid":{"rendered":"http:\/\/charles-de-flahaut.fr\/annuaire-histoire-communes\/annuaire-professionnel\/5072\/?post_type=wpbdp_listing&#038;p=5072"},"modified":"2017-04-11T11:10:15","modified_gmt":"2017-04-11T09:10:15","slug":"histoire-et-patrimoine-de-novy-chevrieres-ardennes","status":"publish","type":"wpbdp_listing","link":"https:\/\/charles-de-flahaut.fr\/annuaire-histoire-communes\/annuaire-professionnel\/histoire-et-patrimoine-de-novy-chevrieres-ardennes\/","title":{"rendered":"Histoire et patrimoine de Novy-Chevri\u00e8res (Ardennes)"},"content":{"rendered":"<p>Autrefois la commune s&rsquo;appelait Novy les Moines en souvenir du prieur\u00e9 fond\u00e9 en 1097 par le comte Hugues de Rethel. En 1640, le monast\u00e9re passa au b\u00e9n\u00e9dictin de la congr\u00e9gation de St Vannes, qui y r\u00e9tablirent ordre et r\u00e9gularit\u00e9. En 1681, l&rsquo;archev\u00eaque de Reims \u00e9rigea le village de Novy en cure&#8230;<br \/>\n(image et extrait du site officiel de la commune)<\/p>\n","protected":false},"excerpt":{"rendered":"<p>Autrefois la commune s&rsquo;appelait Novy les Moines en souvenir du prieur\u00e9 fond\u00e9 en 1097 par le comte Hugues de Rethel. En 1640, le monast\u00e9re passa au b\u00e9n\u00e9dictin de la congr\u00e9gation de St Vannes, qui y r\u00e9tablirent ordre et r\u00e9gularit\u00e9. En &hellip; <a href=\"https:\/\/charles-de-flahaut.fr\/annuaire-histoire-communes\/annuaire-professionnel\/histoire-et-patrimoine-de-novy-chevrieres-ardennes\/\">Continuer la lecture <span class=\"meta-nav\">&rarr;<\/span><\/a><\/p>\n","protected":false},"author":1,"featured_media":0,"comment_status":"open","ping_status":"closed","template":"","meta":[],"wpbdp_category":[49],"wpbdp_tag":[],"class_list":["post-5072","wpbdp_listing","type-wpbdp_listing","status-publish","hentry","wpbdp_category-08-ardennes"],"yoast_head":"<!-- This site is optimized with the Yoast SEO plugin v26.6 - https:\/\/yoast.com\/wordpress\/plugins\/seo\/ -->\n<title>Histoire et patrimoine de Novy-Chevri\u00e8res (Ardennes) - Annuaire Historique des Communes de France<\/title>\n<meta name=\"robots\" content=\"index, follow, max-snippet:-1, max-image-preview:large, max-video-preview:-1\" \/>\n<link rel=\"canonical\" href=\"https:\/\/charles-de-flahaut.fr\/annuaire-histoire-communes\/annuaire-professionnel\/histoire-et-patrimoine-de-novy-chevrieres-ardennes\/\" \/>\n<meta property=\"og:locale\" content=\"fr_FR\" \/>\n<meta property=\"og:type\" content=\"article\" \/>\n<meta property=\"og:title\" content=\"Histoire et patrimoine de Novy-Chevri\u00e8res (Ardennes) - Annuaire Historique des Communes de France\" \/>\n<meta property=\"og:description\" content=\"Autrefois la commune s&rsquo;appelait Novy les Moines en souvenir du prieur\u00e9 fond\u00e9 en 1097 par le comte Hugues de Rethel. En 1640, le monast\u00e9re passa au b\u00e9n\u00e9dictin de la congr\u00e9gation de St Vannes, qui y r\u00e9tablirent ordre et r\u00e9gularit\u00e9. En &hellip; Continuer la lecture &rarr;\" \/>\n<meta property=\"og:url\" content=\"https:\/\/charles-de-flahaut.fr\/annuaire-histoire-communes\/annuaire-professionnel\/histoire-et-patrimoine-de-novy-chevrieres-ardennes\/\" \/>\n<meta property=\"og:site_name\" content=\"Annuaire Historique des Communes de France\" \/>\n<meta property=\"article:publisher\" content=\"https:\/\/www.facebook.com\/Sites.HistoiredeFrance\" \/>\n<meta name=\"twitter:card\" content=\"summary_large_image\" \/>\n<script type=\"application\/ld+json\" class=\"yoast-schema-graph\">{\"@context\":\"https:\/\/schema.org\",\"@graph\":[{\"@type\":\"WebPage\",\"@id\":\"https:\/\/charles-de-flahaut.fr\/annuaire-histoire-communes\/annuaire-professionnel\/histoire-et-patrimoine-de-novy-chevrieres-ardennes\/\",\"url\":\"https:\/\/charles-de-flahaut.fr\/annuaire-histoire-communes\/annuaire-professionnel\/histoire-et-patrimoine-de-novy-chevrieres-ardennes\/\",\"name\":\"Histoire et patrimoine de Novy-Chevri\u00e8res (Ardennes) - Annuaire Historique des Communes de France\",\"isPartOf\":{\"@id\":\"https:\/\/charles-de-flahaut.fr\/annuaire-histoire-communes\/#website\"},\"datePublished\":\"2017-04-11T09:10:15+00:00\",\"breadcrumb\":{\"@id\":\"https:\/\/charles-de-flahaut.fr\/annuaire-histoire-communes\/annuaire-professionnel\/histoire-et-patrimoine-de-novy-chevrieres-ardennes\/#breadcrumb\"},\"inLanguage\":\"fr-FR\",\"potentialAction\":[{\"@type\":\"ReadAction\",\"target\":[\"https:\/\/charles-de-flahaut.fr\/annuaire-histoire-communes\/annuaire-professionnel\/histoire-et-patrimoine-de-novy-chevrieres-ardennes\/\"]}]},{\"@type\":\"BreadcrumbList\",\"@id\":\"https:\/\/charles-de-flahaut.fr\/annuaire-histoire-communes\/annuaire-professionnel\/histoire-et-patrimoine-de-novy-chevrieres-ardennes\/#breadcrumb\",\"itemListElement\":[{\"@type\":\"ListItem\",\"position\":1,\"name\":\"Accueil\",\"item\":\"https:\/\/charles-de-flahaut.fr\/annuaire-histoire-communes\/\"},{\"@type\":\"ListItem\",\"position\":2,\"name\":\"Histoire et patrimoine de Novy-Chevri\u00e8res (Ardennes)\"}]},{\"@type\":\"WebSite\",\"@id\":\"https:\/\/charles-de-flahaut.fr\/annuaire-histoire-communes\/#website\",\"url\":\"https:\/\/charles-de-flahaut.fr\/annuaire-histoire-communes\/\",\"name\":\"Annuaire Historique des Communes de France\",\"description\":\"annuaire recensant les pages relatives \u00e0 l&#039;Histoire et au Patrimoine des villes et villages de France\",\"publisher\":{\"@id\":\"https:\/\/charles-de-flahaut.fr\/annuaire-histoire-communes\/#\/schema\/person\/d16946e994227e7154f6f213ea03ae7b\"},\"potentialAction\":[{\"@type\":\"SearchAction\",\"target\":{\"@type\":\"EntryPoint\",\"urlTemplate\":\"https:\/\/charles-de-flahaut.fr\/annuaire-histoire-communes\/?s={search_term_string}\"},\"query-input\":{\"@type\":\"PropertyValueSpecification\",\"valueRequired\":true,\"valueName\":\"search_term_string\"}}],\"inLanguage\":\"fr-FR\"},{\"@type\":[\"Person\",\"Organization\"],\"@id\":\"https:\/\/charles-de-flahaut.fr\/annuaire-histoire-communes\/#\/schema\/person\/d16946e994227e7154f6f213ea03ae7b\",\"name\":\"administrateur2\",\"image\":{\"@type\":\"ImageObject\",\"inLanguage\":\"fr-FR\",\"@id\":\"https:\/\/charles-de-flahaut.fr\/annuaire-histoire-communes\/#\/schema\/person\/image\/\",\"url\":\"https:\/\/secure.gravatar.com\/avatar\/d0fc7d68e15c7c456cf6f1b9b774d54a7a9e6452d8deac23b3f1ef133710d3d3?s=96&d=mm&r=g\",\"contentUrl\":\"https:\/\/secure.gravatar.com\/avatar\/d0fc7d68e15c7c456cf6f1b9b774d54a7a9e6452d8deac23b3f1ef133710d3d3?s=96&d=mm&r=g\",\"caption\":\"administrateur2\"},\"logo\":{\"@id\":\"https:\/\/charles-de-flahaut.fr\/annuaire-histoire-communes\/#\/schema\/person\/image\/\"},\"sameAs\":[\"https:\/\/www.facebook.com\/Sites.HistoiredeFrance\"]}]}<\/script>\n<!-- \/ Yoast SEO plugin. -->","yoast_head_json":{"title":"Histoire et patrimoine de Novy-Chevri\u00e8res (Ardennes) - Annuaire Historique des Communes de France","robots":{"index":"index","follow":"follow","max-snippet":"max-snippet:-1","max-image-preview":"max-image-preview:large","max-video-preview":"max-video-preview:-1"},"canonical":"https:\/\/charles-de-flahaut.fr\/annuaire-histoire-communes\/annuaire-professionnel\/histoire-et-patrimoine-de-novy-chevrieres-ardennes\/","og_locale":"fr_FR","og_type":"article","og_title":"Histoire et patrimoine de Novy-Chevri\u00e8res (Ardennes) - Annuaire Historique des Communes de France","og_description":"Autrefois la commune s&rsquo;appelait Novy les Moines en souvenir du prieur\u00e9 fond\u00e9 en 1097 par le comte Hugues de Rethel. En 1640, le monast\u00e9re passa au b\u00e9n\u00e9dictin de la congr\u00e9gation de St Vannes, qui y r\u00e9tablirent ordre et r\u00e9gularit\u00e9. En &hellip; Continuer la lecture &rarr;","og_url":"https:\/\/charles-de-flahaut.fr\/annuaire-histoire-communes\/annuaire-professionnel\/histoire-et-patrimoine-de-novy-chevrieres-ardennes\/","og_site_name":"Annuaire Historique des Communes de France","article_publisher":"https:\/\/www.facebook.com\/Sites.HistoiredeFrance","twitter_card":"summary_large_image","schema":{"@context":"https:\/\/schema.org","@graph":[{"@type":"WebPage","@id":"https:\/\/charles-de-flahaut.fr\/annuaire-histoire-communes\/annuaire-professionnel\/histoire-et-patrimoine-de-novy-chevrieres-ardennes\/","url":"https:\/\/charles-de-flahaut.fr\/annuaire-histoire-communes\/annuaire-professionnel\/histoire-et-patrimoine-de-novy-chevrieres-ardennes\/","name":"Histoire et patrimoine de Novy-Chevri\u00e8res (Ardennes) - Annuaire Historique des Communes de France","isPartOf":{"@id":"https:\/\/charles-de-flahaut.fr\/annuaire-histoire-communes\/#website"},"datePublished":"2017-04-11T09:10:15+00:00","breadcrumb":{"@id":"https:\/\/charles-de-flahaut.fr\/annuaire-histoire-communes\/annuaire-professionnel\/histoire-et-patrimoine-de-novy-chevrieres-ardennes\/#breadcrumb"},"inLanguage":"fr-FR","potentialAction":[{"@type":"ReadAction","target":["https:\/\/charles-de-flahaut.fr\/annuaire-histoire-communes\/annuaire-professionnel\/histoire-et-patrimoine-de-novy-chevrieres-ardennes\/"]}]},{"@type":"BreadcrumbList","@id":"https:\/\/charles-de-flahaut.fr\/annuaire-histoire-communes\/annuaire-professionnel\/histoire-et-patrimoine-de-novy-chevrieres-ardennes\/#breadcrumb","itemListElement":[{"@type":"ListItem","position":1,"name":"Accueil","item":"https:\/\/charles-de-flahaut.fr\/annuaire-histoire-communes\/"},{"@type":"ListItem","position":2,"name":"Histoire et patrimoine de Novy-Chevri\u00e8res (Ardennes)"}]},{"@type":"WebSite","@id":"https:\/\/charles-de-flahaut.fr\/annuaire-histoire-communes\/#website","url":"https:\/\/charles-de-flahaut.fr\/annuaire-histoire-communes\/","name":"Annuaire Historique des Communes de France","description":"annuaire recensant les pages relatives \u00e0 l&#039;Histoire et au Patrimoine des villes et villages de France","publisher":{"@id":"https:\/\/charles-de-flahaut.fr\/annuaire-histoire-communes\/#\/schema\/person\/d16946e994227e7154f6f213ea03ae7b"},"potentialAction":[{"@type":"SearchAction","target":{"@type":"EntryPoint","urlTemplate":"https:\/\/charles-de-flahaut.fr\/annuaire-histoire-communes\/?s={search_term_string}"},"query-input":{"@type":"PropertyValueSpecification","valueRequired":true,"valueName":"search_term_string"}}],"inLanguage":"fr-FR"},{"@type":["Person","Organization"],"@id":"https:\/\/charles-de-flahaut.fr\/annuaire-histoire-communes\/#\/schema\/person\/d16946e994227e7154f6f213ea03ae7b","name":"administrateur2","image":{"@type":"ImageObject","inLanguage":"fr-FR","@id":"https:\/\/charles-de-flahaut.fr\/annuaire-histoire-communes\/#\/schema\/person\/image\/","url":"https:\/\/secure.gravatar.com\/avatar\/d0fc7d68e15c7c456cf6f1b9b774d54a7a9e6452d8deac23b3f1ef133710d3d3?s=96&d=mm&r=g","contentUrl":"https:\/\/secure.gravatar.com\/avatar\/d0fc7d68e15c7c456cf6f1b9b774d54a7a9e6452d8deac23b3f1ef133710d3d3?s=96&d=mm&r=g","caption":"administrateur2"},"logo":{"@id":"https:\/\/charles-de-flahaut.fr\/annuaire-histoire-communes\/#\/schema\/person\/image\/"},"sameAs":["https:\/\/www.facebook.com\/Sites.HistoiredeFrance"]}]}},"amp_enabled":true,"_links":{"self":[{"href":"https:\/\/charles-de-flahaut.fr\/annuaire-histoire-communes\/wp-json\/wp\/v2\/wpbdp_listing\/5072","targetHints":{"allow":["GET"]}}],"collection":[{"href":"https:\/\/charles-de-flahaut.fr\/annuaire-histoire-communes\/wp-json\/wp\/v2\/wpbdp_listing"}],"about":[{"href":"https:\/\/charles-de-flahaut.fr\/annuaire-histoire-communes\/wp-json\/wp\/v2\/types\/wpbdp_listing"}],"author":[{"embeddable":true,"href":"https:\/\/charles-de-flahaut.fr\/annuaire-histoire-communes\/wp-json\/wp\/v2\/users\/1"}],"replies":[{"embeddable":true,"href":"https:\/\/charles-de-flahaut.fr\/annuaire-histoire-communes\/wp-json\/wp\/v2\/comments?post=5072"}],"wp:attachment":[{"href":"https:\/\/charles-de-flahaut.fr\/annuaire-histoire-communes\/wp-json\/wp\/v2\/media?parent=5072"}],"wp:term":[{"taxonomy":"wpbdp_category","embeddable":true,"href":"https:\/\/charles-de-flahaut.fr\/annuaire-histoire-communes\/wp-json\/wp\/v2\/wpbdp_category?post=5072"},{"taxonomy":"wpbdp_tag","embeddable":true,"href":"https:\/\/charles-de-flahaut.fr\/annuaire-histoire-communes\/wp-json\/wp\/v2\/wpbdp_tag?post=5072"}],"curies":[{"name":"wp","href":"https:\/\/api.w.org\/{rel}","templated":true}]}}

Histoire et patrimoine de Novy-Chevrières (Ardennes)

<p>Autrefois la commune s&rsquo;appelait Novy les Moines en souvenir du prieuré fondé en 1097 par le comte Hugues de Rethel. En 1640, le monastére passa au bénédictin de la congrégation de St Vannes, qui y rétablirent ordre et régularité. En 1681, l&rsquo;archevêque de Reims érigea le village de Novy en cure&#8230;<br />
(image et extrait du site officiel de la commune)</p>

<p>Autrefois la commune s&rsquo;appelait Novy les Moines en souvenir du prieuré fondé en 1097 par le comte Hugues de Rethel. En 1640, le monastére passa au bénédictin de la congrégation de St Vannes, qui y rétablirent ordre et régularité. En &hellip; <a href="https://charles-de-flahaut.fr/annuaire-histoire-communes/annuaire-professionnel/histoire-et-patrimoine-de-novy-chevrieres-ardennes/">Continuer la lecture <span class="meta-nav">&rarr;</span></a></p>

<!-- This site is optimized with the Yoast SEO plugin v26.6 - https://yoast.com/wordpress/plugins/seo/ -->
<title>Histoire et patrimoine de Novy-Chevrières (Ardennes) - Annuaire Historique des Communes de France</title>
<meta name="robots" content="index, follow, max-snippet:-1, max-image-preview:large, max-video-preview:-1" />
<link rel="canonical" href="https://charles-de-flahaut.fr/annuaire-histoire-communes/annuaire-professionnel/histoire-et-patrimoine-de-novy-chevrieres-ardennes/" />
<meta property="og:locale" content="fr_FR" />
<meta property="og:type" content="article" />
<meta property="og:title" content="Histoire et patrimoine de Novy-Chevrières (Ardennes) - Annuaire Historique des Communes de France" />
<meta property="og:description" content="Autrefois la commune s&rsquo;appelait Novy les Moines en souvenir du prieuré fondé en 1097 par le comte Hugues de Rethel. En 1640, le monastére passa au bénédictin de la congrégation de St Vannes, qui y rétablirent ordre et régularité. En &hellip; Continuer la lecture &rarr;" />
<meta property="og:url" content="https://charles-de-flahaut.fr/annuaire-histoire-communes/annuaire-professionnel/histoire-et-patrimoine-de-novy-chevrieres-ardennes/" />
<meta property="og:site_name" content="Annuaire Historique des Communes de France" />
<meta property="article:publisher" content="https://www.facebook.com/Sites.HistoiredeFrance" />
<meta name="twitter:card" content="summary_large_image" />
<script type="application/ld+json" class="yoast-schema-graph">{"@context":"https://schema.org","@graph":[{"@type":"WebPage","@id":"https://charles-de-flahaut.fr/annuaire-histoire-communes/annuaire-professionnel/histoire-et-patrimoine-de-novy-chevrieres-ardennes/","url":"https://charles-de-flahaut.fr/annuaire-histoire-communes/annuaire-professionnel/histoire-et-patrimoine-de-novy-chevrieres-ardennes/","name":"Histoire et patrimoine de Novy-Chevrières (Ardennes) - Annuaire Historique des Communes de France","isPartOf":{"@id":"https://charles-de-flahaut.fr/annuaire-histoire-communes/#website"},"datePublished":"2017-04-11T09:10:15+00:00","breadcrumb":{"@id":"https://charles-de-flahaut.fr/annuaire-histoire-communes/annuaire-professionnel/histoire-et-patrimoine-de-novy-chevrieres-ardennes/#breadcrumb"},"inLanguage":"fr-FR","potentialAction":[{"@type":"ReadAction","target":["https://charles-de-flahaut.fr/annuaire-histoire-communes/annuaire-professionnel/histoire-et-patrimoine-de-novy-chevrieres-ardennes/"]}]},{"@type":"BreadcrumbList","@id":"https://charles-de-flahaut.fr/annuaire-histoire-communes/annuaire-professionnel/histoire-et-patrimoine-de-novy-chevrieres-ardennes/#breadcrumb","itemListElement":[{"@type":"ListItem","position":1,"name":"Accueil","item":"https://charles-de-flahaut.fr/annuaire-histoire-communes/"},{"@type":"ListItem","position":2,"name":"Histoire et patrimoine de Novy-Chevrières (Ardennes)"}]},{"@type":"WebSite","@id":"https://charles-de-flahaut.fr/annuaire-histoire-communes/#website","url":"https://charles-de-flahaut.fr/annuaire-histoire-communes/","name":"Annuaire Historique des Communes de France","description":"annuaire recensant les pages relatives à l&#039;Histoire et au Patrimoine des villes et villages de France","publisher":{"@id":"https://charles-de-flahaut.fr/annuaire-histoire-communes/#/schema/person/d16946e994227e7154f6f213ea03ae7b"},"potentialAction":[{"@type":"SearchAction","target":{"@type":"EntryPoint","urlTemplate":"https://charles-de-flahaut.fr/annuaire-histoire-communes/?s={search_term_string}"},"query-input":{"@type":"PropertyValueSpecification","valueRequired":true,"valueName":"search_term_string"}}],"inLanguage":"fr-FR"},{"@type":["Person","Organization"],"@id":"https://charles-de-flahaut.fr/annuaire-histoire-communes/#/schema/person/d16946e994227e7154f6f213ea03ae7b","name":"administrateur2","image":{"@type":"ImageObject","inLanguage":"fr-FR","@id":"https://charles-de-flahaut.fr/annuaire-histoire-communes/#/schema/person/image/","url":"https://secure.gravatar.com/avatar/d0fc7d68e15c7c456cf6f1b9b774d54a7a9e6452d8deac23b3f1ef133710d3d3?s=96&d=mm&r=g","contentUrl":"https://secure.gravatar.com/avatar/d0fc7d68e15c7c456cf6f1b9b774d54a7a9e6452d8deac23b3f1ef133710d3d3?s=96&d=mm&r=g","caption":"administrateur2"},"logo":{"@id":"https://charles-de-flahaut.fr/annuaire-histoire-communes/#/schema/person/image/"},"sameAs":["https://www.facebook.com/Sites.HistoiredeFrance"]}]}</script>
<!-- / Yoast SEO plugin. -->

Histoire et patrimoine de Novy-Chevrières (Ardennes) - Annuaire Historique des Communes de France

Autrefois la commune s&rsquo;appelait Novy les Moines en souvenir du prieuré fondé en 1097 par le comte Hugues de Rethel. En 1640, le monastére passa au bénédictin de la congrégation de St Vannes, qui y rétablirent ordre et régularité. En &hellip; Continuer la lecture &rarr;

annuaire recensant les pages relatives à l&#039;Histoire et au Patrimoine des villes et villages de France
