{"id":5120,"date":"2017-04-11T11:57:21","date_gmt":"2017-04-11T09:57:21","guid":{"rendered":"http:\/\/charles-de-flahaut.fr\/annuaire-histoire-communes\/annuaire-professionnel\/5120\/?post_type=wpbdp_listing&#038;p=5120"},"modified":"2017-04-11T11:57:21","modified_gmt":"2017-04-11T09:57:21","slug":"histoire-dilly-ardennes","status":"publish","type":"wpbdp_listing","link":"https:\/\/charles-de-flahaut.fr\/annuaire-histoire-communes\/annuaire-professionnel\/histoire-dilly-ardennes\/","title":{"rendered":"Histoire d&rsquo;Illy (Ardennes)"},"content":{"rendered":"<p>En 1560, Illy fait partie de la principaut\u00e9 de Sedan. Lors de la bataille de Sedan (guerre franco-prussienne de 1870), le territoire de la commune a servi de zone de combats men\u00e9s contre les troupes prussiennes. La 1re division de la cavalerie de r\u00e9serve sous le commandement du g\u00e9n\u00e9ral Margueritte (constitu\u00e9e essentiellement par les r\u00e9giments de chasseurs d&rsquo;Afrique) \u00e9tait positionn\u00e9e autour du plateau de Floing et du calvaire d&rsquo;Illy&#8230;<br \/>\n(source wikipedia) <\/p>\n","protected":false},"excerpt":{"rendered":"<p>En 1560, Illy fait partie de la principaut\u00e9 de Sedan. Lors de la bataille de Sedan (guerre franco-prussienne de 1870), le territoire de la commune a servi de zone de combats men\u00e9s contre les troupes prussiennes. La 1re division de &hellip; <a href=\"https:\/\/charles-de-flahaut.fr\/annuaire-histoire-communes\/annuaire-professionnel\/histoire-dilly-ardennes\/\">Continuer la lecture <span class=\"meta-nav\">&rarr;<\/span><\/a><\/p>\n","protected":false},"author":1,"featured_media":0,"comment_status":"open","ping_status":"closed","template":"","meta":[],"wpbdp_category":[49],"wpbdp_tag":[],"class_list":["post-5120","wpbdp_listing","type-wpbdp_listing","status-publish","hentry","wpbdp_category-08-ardennes"],"yoast_head":"<!-- This site is optimized with the Yoast SEO plugin v26.6 - https:\/\/yoast.com\/wordpress\/plugins\/seo\/ -->\n<title>Histoire d&#039;Illy (Ardennes) - Annuaire Historique des Communes de France<\/title>\n<meta name=\"robots\" content=\"index, follow, max-snippet:-1, max-image-preview:large, max-video-preview:-1\" \/>\n<link rel=\"canonical\" href=\"https:\/\/charles-de-flahaut.fr\/annuaire-histoire-communes\/annuaire-professionnel\/histoire-dilly-ardennes\/\" \/>\n<meta property=\"og:locale\" content=\"fr_FR\" \/>\n<meta property=\"og:type\" content=\"article\" \/>\n<meta property=\"og:title\" content=\"Histoire d&#039;Illy (Ardennes) - Annuaire Historique des Communes de France\" \/>\n<meta property=\"og:description\" content=\"En 1560, Illy fait partie de la principaut\u00e9 de Sedan. Lors de la bataille de Sedan (guerre franco-prussienne de 1870), le territoire de la commune a servi de zone de combats men\u00e9s contre les troupes prussiennes. La 1re division de &hellip; Continuer la lecture &rarr;\" \/>\n<meta property=\"og:url\" content=\"https:\/\/charles-de-flahaut.fr\/annuaire-histoire-communes\/annuaire-professionnel\/histoire-dilly-ardennes\/\" \/>\n<meta property=\"og:site_name\" content=\"Annuaire Historique des Communes de France\" \/>\n<meta property=\"article:publisher\" content=\"https:\/\/www.facebook.com\/Sites.HistoiredeFrance\" \/>\n<meta name=\"twitter:card\" content=\"summary_large_image\" \/>\n<script type=\"application\/ld+json\" class=\"yoast-schema-graph\">{\"@context\":\"https:\/\/schema.org\",\"@graph\":[{\"@type\":\"WebPage\",\"@id\":\"https:\/\/charles-de-flahaut.fr\/annuaire-histoire-communes\/annuaire-professionnel\/histoire-dilly-ardennes\/\",\"url\":\"https:\/\/charles-de-flahaut.fr\/annuaire-histoire-communes\/annuaire-professionnel\/histoire-dilly-ardennes\/\",\"name\":\"Histoire d'Illy (Ardennes) - Annuaire Historique des Communes de France\",\"isPartOf\":{\"@id\":\"https:\/\/charles-de-flahaut.fr\/annuaire-histoire-communes\/#website\"},\"datePublished\":\"2017-04-11T09:57:21+00:00\",\"breadcrumb\":{\"@id\":\"https:\/\/charles-de-flahaut.fr\/annuaire-histoire-communes\/annuaire-professionnel\/histoire-dilly-ardennes\/#breadcrumb\"},\"inLanguage\":\"fr-FR\",\"potentialAction\":[{\"@type\":\"ReadAction\",\"target\":[\"https:\/\/charles-de-flahaut.fr\/annuaire-histoire-communes\/annuaire-professionnel\/histoire-dilly-ardennes\/\"]}]},{\"@type\":\"BreadcrumbList\",\"@id\":\"https:\/\/charles-de-flahaut.fr\/annuaire-histoire-communes\/annuaire-professionnel\/histoire-dilly-ardennes\/#breadcrumb\",\"itemListElement\":[{\"@type\":\"ListItem\",\"position\":1,\"name\":\"Accueil\",\"item\":\"https:\/\/charles-de-flahaut.fr\/annuaire-histoire-communes\/\"},{\"@type\":\"ListItem\",\"position\":2,\"name\":\"Histoire d&rsquo;Illy (Ardennes)\"}]},{\"@type\":\"WebSite\",\"@id\":\"https:\/\/charles-de-flahaut.fr\/annuaire-histoire-communes\/#website\",\"url\":\"https:\/\/charles-de-flahaut.fr\/annuaire-histoire-communes\/\",\"name\":\"Annuaire Historique des Communes de France\",\"description\":\"annuaire recensant les pages relatives \u00e0 l&#039;Histoire et au Patrimoine des villes et villages de France\",\"publisher\":{\"@id\":\"https:\/\/charles-de-flahaut.fr\/annuaire-histoire-communes\/#\/schema\/person\/d16946e994227e7154f6f213ea03ae7b\"},\"potentialAction\":[{\"@type\":\"SearchAction\",\"target\":{\"@type\":\"EntryPoint\",\"urlTemplate\":\"https:\/\/charles-de-flahaut.fr\/annuaire-histoire-communes\/?s={search_term_string}\"},\"query-input\":{\"@type\":\"PropertyValueSpecification\",\"valueRequired\":true,\"valueName\":\"search_term_string\"}}],\"inLanguage\":\"fr-FR\"},{\"@type\":[\"Person\",\"Organization\"],\"@id\":\"https:\/\/charles-de-flahaut.fr\/annuaire-histoire-communes\/#\/schema\/person\/d16946e994227e7154f6f213ea03ae7b\",\"name\":\"administrateur2\",\"image\":{\"@type\":\"ImageObject\",\"inLanguage\":\"fr-FR\",\"@id\":\"https:\/\/charles-de-flahaut.fr\/annuaire-histoire-communes\/#\/schema\/person\/image\/\",\"url\":\"https:\/\/secure.gravatar.com\/avatar\/d0fc7d68e15c7c456cf6f1b9b774d54a7a9e6452d8deac23b3f1ef133710d3d3?s=96&d=mm&r=g\",\"contentUrl\":\"https:\/\/secure.gravatar.com\/avatar\/d0fc7d68e15c7c456cf6f1b9b774d54a7a9e6452d8deac23b3f1ef133710d3d3?s=96&d=mm&r=g\",\"caption\":\"administrateur2\"},\"logo\":{\"@id\":\"https:\/\/charles-de-flahaut.fr\/annuaire-histoire-communes\/#\/schema\/person\/image\/\"},\"sameAs\":[\"https:\/\/www.facebook.com\/Sites.HistoiredeFrance\"]}]}<\/script>\n<!-- \/ Yoast SEO plugin. -->","yoast_head_json":{"title":"Histoire d'Illy (Ardennes) - Annuaire Historique des Communes de France","robots":{"index":"index","follow":"follow","max-snippet":"max-snippet:-1","max-image-preview":"max-image-preview:large","max-video-preview":"max-video-preview:-1"},"canonical":"https:\/\/charles-de-flahaut.fr\/annuaire-histoire-communes\/annuaire-professionnel\/histoire-dilly-ardennes\/","og_locale":"fr_FR","og_type":"article","og_title":"Histoire d'Illy (Ardennes) - Annuaire Historique des Communes de France","og_description":"En 1560, Illy fait partie de la principaut\u00e9 de Sedan. Lors de la bataille de Sedan (guerre franco-prussienne de 1870), le territoire de la commune a servi de zone de combats men\u00e9s contre les troupes prussiennes. La 1re division de &hellip; Continuer la lecture &rarr;","og_url":"https:\/\/charles-de-flahaut.fr\/annuaire-histoire-communes\/annuaire-professionnel\/histoire-dilly-ardennes\/","og_site_name":"Annuaire Historique des Communes de France","article_publisher":"https:\/\/www.facebook.com\/Sites.HistoiredeFrance","twitter_card":"summary_large_image","schema":{"@context":"https:\/\/schema.org","@graph":[{"@type":"WebPage","@id":"https:\/\/charles-de-flahaut.fr\/annuaire-histoire-communes\/annuaire-professionnel\/histoire-dilly-ardennes\/","url":"https:\/\/charles-de-flahaut.fr\/annuaire-histoire-communes\/annuaire-professionnel\/histoire-dilly-ardennes\/","name":"Histoire d'Illy (Ardennes) - Annuaire Historique des Communes de France","isPartOf":{"@id":"https:\/\/charles-de-flahaut.fr\/annuaire-histoire-communes\/#website"},"datePublished":"2017-04-11T09:57:21+00:00","breadcrumb":{"@id":"https:\/\/charles-de-flahaut.fr\/annuaire-histoire-communes\/annuaire-professionnel\/histoire-dilly-ardennes\/#breadcrumb"},"inLanguage":"fr-FR","potentialAction":[{"@type":"ReadAction","target":["https:\/\/charles-de-flahaut.fr\/annuaire-histoire-communes\/annuaire-professionnel\/histoire-dilly-ardennes\/"]}]},{"@type":"BreadcrumbList","@id":"https:\/\/charles-de-flahaut.fr\/annuaire-histoire-communes\/annuaire-professionnel\/histoire-dilly-ardennes\/#breadcrumb","itemListElement":[{"@type":"ListItem","position":1,"name":"Accueil","item":"https:\/\/charles-de-flahaut.fr\/annuaire-histoire-communes\/"},{"@type":"ListItem","position":2,"name":"Histoire d&rsquo;Illy (Ardennes)"}]},{"@type":"WebSite","@id":"https:\/\/charles-de-flahaut.fr\/annuaire-histoire-communes\/#website","url":"https:\/\/charles-de-flahaut.fr\/annuaire-histoire-communes\/","name":"Annuaire Historique des Communes de France","description":"annuaire recensant les pages relatives \u00e0 l&#039;Histoire et au Patrimoine des villes et villages de France","publisher":{"@id":"https:\/\/charles-de-flahaut.fr\/annuaire-histoire-communes\/#\/schema\/person\/d16946e994227e7154f6f213ea03ae7b"},"potentialAction":[{"@type":"SearchAction","target":{"@type":"EntryPoint","urlTemplate":"https:\/\/charles-de-flahaut.fr\/annuaire-histoire-communes\/?s={search_term_string}"},"query-input":{"@type":"PropertyValueSpecification","valueRequired":true,"valueName":"search_term_string"}}],"inLanguage":"fr-FR"},{"@type":["Person","Organization"],"@id":"https:\/\/charles-de-flahaut.fr\/annuaire-histoire-communes\/#\/schema\/person\/d16946e994227e7154f6f213ea03ae7b","name":"administrateur2","image":{"@type":"ImageObject","inLanguage":"fr-FR","@id":"https:\/\/charles-de-flahaut.fr\/annuaire-histoire-communes\/#\/schema\/person\/image\/","url":"https:\/\/secure.gravatar.com\/avatar\/d0fc7d68e15c7c456cf6f1b9b774d54a7a9e6452d8deac23b3f1ef133710d3d3?s=96&d=mm&r=g","contentUrl":"https:\/\/secure.gravatar.com\/avatar\/d0fc7d68e15c7c456cf6f1b9b774d54a7a9e6452d8deac23b3f1ef133710d3d3?s=96&d=mm&r=g","caption":"administrateur2"},"logo":{"@id":"https:\/\/charles-de-flahaut.fr\/annuaire-histoire-communes\/#\/schema\/person\/image\/"},"sameAs":["https:\/\/www.facebook.com\/Sites.HistoiredeFrance"]}]}},"amp_enabled":true,"_links":{"self":[{"href":"https:\/\/charles-de-flahaut.fr\/annuaire-histoire-communes\/wp-json\/wp\/v2\/wpbdp_listing\/5120","targetHints":{"allow":["GET"]}}],"collection":[{"href":"https:\/\/charles-de-flahaut.fr\/annuaire-histoire-communes\/wp-json\/wp\/v2\/wpbdp_listing"}],"about":[{"href":"https:\/\/charles-de-flahaut.fr\/annuaire-histoire-communes\/wp-json\/wp\/v2\/types\/wpbdp_listing"}],"author":[{"embeddable":true,"href":"https:\/\/charles-de-flahaut.fr\/annuaire-histoire-communes\/wp-json\/wp\/v2\/users\/1"}],"replies":[{"embeddable":true,"href":"https:\/\/charles-de-flahaut.fr\/annuaire-histoire-communes\/wp-json\/wp\/v2\/comments?post=5120"}],"wp:attachment":[{"href":"https:\/\/charles-de-flahaut.fr\/annuaire-histoire-communes\/wp-json\/wp\/v2\/media?parent=5120"}],"wp:term":[{"taxonomy":"wpbdp_category","embeddable":true,"href":"https:\/\/charles-de-flahaut.fr\/annuaire-histoire-communes\/wp-json\/wp\/v2\/wpbdp_category?post=5120"},{"taxonomy":"wpbdp_tag","embeddable":true,"href":"https:\/\/charles-de-flahaut.fr\/annuaire-histoire-communes\/wp-json\/wp\/v2\/wpbdp_tag?post=5120"}],"curies":[{"name":"wp","href":"https:\/\/api.w.org\/{rel}","templated":true}]}}

<p>En 1560, Illy fait partie de la principauté de Sedan. Lors de la bataille de Sedan (guerre franco-prussienne de 1870), le territoire de la commune a servi de zone de combats menés contre les troupes prussiennes. La 1re division de la cavalerie de réserve sous le commandement du général Margueritte (constituée essentiellement par les régiments de chasseurs d&rsquo;Afrique) était positionnée autour du plateau de Floing et du calvaire d&rsquo;Illy&#8230;<br />
(source wikipedia) </p>

<p>En 1560, Illy fait partie de la principauté de Sedan. Lors de la bataille de Sedan (guerre franco-prussienne de 1870), le territoire de la commune a servi de zone de combats menés contre les troupes prussiennes. La 1re division de &hellip; <a href="https://charles-de-flahaut.fr/annuaire-histoire-communes/annuaire-professionnel/histoire-dilly-ardennes/">Continuer la lecture <span class="meta-nav">&rarr;</span></a></p>

<!-- This site is optimized with the Yoast SEO plugin v26.6 - https://yoast.com/wordpress/plugins/seo/ -->
<title>Histoire d&#039;Illy (Ardennes) - Annuaire Historique des Communes de France</title>
<meta name="robots" content="index, follow, max-snippet:-1, max-image-preview:large, max-video-preview:-1" />
<link rel="canonical" href="https://charles-de-flahaut.fr/annuaire-histoire-communes/annuaire-professionnel/histoire-dilly-ardennes/" />
<meta property="og:locale" content="fr_FR" />
<meta property="og:type" content="article" />
<meta property="og:title" content="Histoire d&#039;Illy (Ardennes) - Annuaire Historique des Communes de France" />
<meta property="og:description" content="En 1560, Illy fait partie de la principauté de Sedan. Lors de la bataille de Sedan (guerre franco-prussienne de 1870), le territoire de la commune a servi de zone de combats menés contre les troupes prussiennes. La 1re division de &hellip; Continuer la lecture &rarr;" />
<meta property="og:url" content="https://charles-de-flahaut.fr/annuaire-histoire-communes/annuaire-professionnel/histoire-dilly-ardennes/" />
<meta property="og:site_name" content="Annuaire Historique des Communes de France" />
<meta property="article:publisher" content="https://www.facebook.com/Sites.HistoiredeFrance" />
<meta name="twitter:card" content="summary_large_image" />
<script type="application/ld+json" class="yoast-schema-graph">{"@context":"https://schema.org","@graph":[{"@type":"WebPage","@id":"https://charles-de-flahaut.fr/annuaire-histoire-communes/annuaire-professionnel/histoire-dilly-ardennes/","url":"https://charles-de-flahaut.fr/annuaire-histoire-communes/annuaire-professionnel/histoire-dilly-ardennes/","name":"Histoire d'Illy (Ardennes) - Annuaire Historique des Communes de France","isPartOf":{"@id":"https://charles-de-flahaut.fr/annuaire-histoire-communes/#website"},"datePublished":"2017-04-11T09:57:21+00:00","breadcrumb":{"@id":"https://charles-de-flahaut.fr/annuaire-histoire-communes/annuaire-professionnel/histoire-dilly-ardennes/#breadcrumb"},"inLanguage":"fr-FR","potentialAction":[{"@type":"ReadAction","target":["https://charles-de-flahaut.fr/annuaire-histoire-communes/annuaire-professionnel/histoire-dilly-ardennes/"]}]},{"@type":"BreadcrumbList","@id":"https://charles-de-flahaut.fr/annuaire-histoire-communes/annuaire-professionnel/histoire-dilly-ardennes/#breadcrumb","itemListElement":[{"@type":"ListItem","position":1,"name":"Accueil","item":"https://charles-de-flahaut.fr/annuaire-histoire-communes/"},{"@type":"ListItem","position":2,"name":"Histoire d&rsquo;Illy (Ardennes)"}]},{"@type":"WebSite","@id":"https://charles-de-flahaut.fr/annuaire-histoire-communes/#website","url":"https://charles-de-flahaut.fr/annuaire-histoire-communes/","name":"Annuaire Historique des Communes de France","description":"annuaire recensant les pages relatives à l&#039;Histoire et au Patrimoine des villes et villages de France","publisher":{"@id":"https://charles-de-flahaut.fr/annuaire-histoire-communes/#/schema/person/d16946e994227e7154f6f213ea03ae7b"},"potentialAction":[{"@type":"SearchAction","target":{"@type":"EntryPoint","urlTemplate":"https://charles-de-flahaut.fr/annuaire-histoire-communes/?s={search_term_string}"},"query-input":{"@type":"PropertyValueSpecification","valueRequired":true,"valueName":"search_term_string"}}],"inLanguage":"fr-FR"},{"@type":["Person","Organization"],"@id":"https://charles-de-flahaut.fr/annuaire-histoire-communes/#/schema/person/d16946e994227e7154f6f213ea03ae7b","name":"administrateur2","image":{"@type":"ImageObject","inLanguage":"fr-FR","@id":"https://charles-de-flahaut.fr/annuaire-histoire-communes/#/schema/person/image/","url":"https://secure.gravatar.com/avatar/d0fc7d68e15c7c456cf6f1b9b774d54a7a9e6452d8deac23b3f1ef133710d3d3?s=96&d=mm&r=g","contentUrl":"https://secure.gravatar.com/avatar/d0fc7d68e15c7c456cf6f1b9b774d54a7a9e6452d8deac23b3f1ef133710d3d3?s=96&d=mm&r=g","caption":"administrateur2"},"logo":{"@id":"https://charles-de-flahaut.fr/annuaire-histoire-communes/#/schema/person/image/"},"sameAs":["https://www.facebook.com/Sites.HistoiredeFrance"]}]}</script>
<!-- / Yoast SEO plugin. -->

En 1560, Illy fait partie de la principauté de Sedan. Lors de la bataille de Sedan (guerre franco-prussienne de 1870), le territoire de la commune a servi de zone de combats menés contre les troupes prussiennes. La 1re division de &hellip; Continuer la lecture &rarr;

annuaire recensant les pages relatives à l&#039;Histoire et au Patrimoine des villes et villages de France
