{"id":6471,"date":"2017-04-20T20:06:31","date_gmt":"2017-04-20T18:06:31","guid":{"rendered":"http:\/\/charles-de-flahaut.fr\/annuaire-histoire-communes\/annuaire-professionnel\/6471\/?post_type=wpbdp_listing&#038;p=6471"},"modified":"2017-04-20T20:06:31","modified_gmt":"2017-04-20T18:06:31","slug":"histoire-et-patrimoine-de-la-jarne-17","status":"publish","type":"wpbdp_listing","link":"https:\/\/charles-de-flahaut.fr\/annuaire-histoire-communes\/annuaire-professionnel\/histoire-et-patrimoine-de-la-jarne-17\/","title":{"rendered":"Histoire et patrimoine de La Jarne (17)"},"content":{"rendered":"<p>Une page d&rsquo;histoire pour 2 personnages locaux : Jean Guiton et Gabriel Rondeau.<br \/>\nUne page patrimoine pour Le dolmen dit de \u00ab\u00a0la Pierre Lev\u00e9e\u00a0\u00bb et la l\u00e9gende de la f\u00e9e M\u00e9lusine, L\u2019\u00e9glise Notre Dame (XI\u00e8me si\u00e8cle) et le Ch\u00e2teau de Buzay (18\u00e8me si\u00e8cle)<\/p>\n","protected":false},"excerpt":{"rendered":"<p>Une page d&rsquo;histoire pour 2 personnages locaux : Jean Guiton et Gabriel Rondeau. Une page patrimoine pour Le dolmen dit de \u00ab\u00a0la Pierre Lev\u00e9e\u00a0\u00bb et la l\u00e9gende de la f\u00e9e M\u00e9lusine, L\u2019\u00e9glise Notre Dame (XI\u00e8me si\u00e8cle) et le Ch\u00e2teau de &hellip; <a href=\"https:\/\/charles-de-flahaut.fr\/annuaire-histoire-communes\/annuaire-professionnel\/histoire-et-patrimoine-de-la-jarne-17\/\">Continuer la lecture <span class=\"meta-nav\">&rarr;<\/span><\/a><\/p>\n","protected":false},"author":1,"featured_media":0,"comment_status":"open","ping_status":"closed","template":"","meta":[],"wpbdp_category":[60],"wpbdp_tag":[],"class_list":["post-6471","wpbdp_listing","type-wpbdp_listing","status-publish","hentry","wpbdp_category-17-charente-maritime"],"yoast_head":"<!-- This site is optimized with the Yoast SEO plugin v26.6 - https:\/\/yoast.com\/wordpress\/plugins\/seo\/ -->\n<title>Histoire et patrimoine de La Jarne (17) - Annuaire Historique des Communes de France<\/title>\n<meta name=\"robots\" content=\"index, follow, max-snippet:-1, max-image-preview:large, max-video-preview:-1\" \/>\n<link rel=\"canonical\" href=\"https:\/\/charles-de-flahaut.fr\/annuaire-histoire-communes\/annuaire-professionnel\/histoire-et-patrimoine-de-la-jarne-17\/\" \/>\n<meta property=\"og:locale\" content=\"fr_FR\" \/>\n<meta property=\"og:type\" content=\"article\" \/>\n<meta property=\"og:title\" content=\"Histoire et patrimoine de La Jarne (17) - Annuaire Historique des Communes de France\" \/>\n<meta property=\"og:description\" content=\"Une page d&rsquo;histoire pour 2 personnages locaux : Jean Guiton et Gabriel Rondeau. Une page patrimoine pour Le dolmen dit de \u00ab\u00a0la Pierre Lev\u00e9e\u00a0\u00bb et la l\u00e9gende de la f\u00e9e M\u00e9lusine, L\u2019\u00e9glise Notre Dame (XI\u00e8me si\u00e8cle) et le Ch\u00e2teau de &hellip; Continuer la lecture &rarr;\" \/>\n<meta property=\"og:url\" content=\"https:\/\/charles-de-flahaut.fr\/annuaire-histoire-communes\/annuaire-professionnel\/histoire-et-patrimoine-de-la-jarne-17\/\" \/>\n<meta property=\"og:site_name\" content=\"Annuaire Historique des Communes de France\" \/>\n<meta property=\"article:publisher\" content=\"https:\/\/www.facebook.com\/Sites.HistoiredeFrance\" \/>\n<meta name=\"twitter:card\" content=\"summary_large_image\" \/>\n<script type=\"application\/ld+json\" class=\"yoast-schema-graph\">{\"@context\":\"https:\/\/schema.org\",\"@graph\":[{\"@type\":\"WebPage\",\"@id\":\"https:\/\/charles-de-flahaut.fr\/annuaire-histoire-communes\/annuaire-professionnel\/histoire-et-patrimoine-de-la-jarne-17\/\",\"url\":\"https:\/\/charles-de-flahaut.fr\/annuaire-histoire-communes\/annuaire-professionnel\/histoire-et-patrimoine-de-la-jarne-17\/\",\"name\":\"Histoire et patrimoine de La Jarne (17) - Annuaire Historique des Communes de France\",\"isPartOf\":{\"@id\":\"https:\/\/charles-de-flahaut.fr\/annuaire-histoire-communes\/#website\"},\"datePublished\":\"2017-04-20T18:06:31+00:00\",\"breadcrumb\":{\"@id\":\"https:\/\/charles-de-flahaut.fr\/annuaire-histoire-communes\/annuaire-professionnel\/histoire-et-patrimoine-de-la-jarne-17\/#breadcrumb\"},\"inLanguage\":\"fr-FR\",\"potentialAction\":[{\"@type\":\"ReadAction\",\"target\":[\"https:\/\/charles-de-flahaut.fr\/annuaire-histoire-communes\/annuaire-professionnel\/histoire-et-patrimoine-de-la-jarne-17\/\"]}]},{\"@type\":\"BreadcrumbList\",\"@id\":\"https:\/\/charles-de-flahaut.fr\/annuaire-histoire-communes\/annuaire-professionnel\/histoire-et-patrimoine-de-la-jarne-17\/#breadcrumb\",\"itemListElement\":[{\"@type\":\"ListItem\",\"position\":1,\"name\":\"Accueil\",\"item\":\"https:\/\/charles-de-flahaut.fr\/annuaire-histoire-communes\/\"},{\"@type\":\"ListItem\",\"position\":2,\"name\":\"Histoire et patrimoine de La Jarne (17)\"}]},{\"@type\":\"WebSite\",\"@id\":\"https:\/\/charles-de-flahaut.fr\/annuaire-histoire-communes\/#website\",\"url\":\"https:\/\/charles-de-flahaut.fr\/annuaire-histoire-communes\/\",\"name\":\"Annuaire Historique des Communes de France\",\"description\":\"annuaire recensant les pages relatives \u00e0 l&#039;Histoire et au Patrimoine des villes et villages de France\",\"publisher\":{\"@id\":\"https:\/\/charles-de-flahaut.fr\/annuaire-histoire-communes\/#\/schema\/person\/d16946e994227e7154f6f213ea03ae7b\"},\"potentialAction\":[{\"@type\":\"SearchAction\",\"target\":{\"@type\":\"EntryPoint\",\"urlTemplate\":\"https:\/\/charles-de-flahaut.fr\/annuaire-histoire-communes\/?s={search_term_string}\"},\"query-input\":{\"@type\":\"PropertyValueSpecification\",\"valueRequired\":true,\"valueName\":\"search_term_string\"}}],\"inLanguage\":\"fr-FR\"},{\"@type\":[\"Person\",\"Organization\"],\"@id\":\"https:\/\/charles-de-flahaut.fr\/annuaire-histoire-communes\/#\/schema\/person\/d16946e994227e7154f6f213ea03ae7b\",\"name\":\"administrateur2\",\"image\":{\"@type\":\"ImageObject\",\"inLanguage\":\"fr-FR\",\"@id\":\"https:\/\/charles-de-flahaut.fr\/annuaire-histoire-communes\/#\/schema\/person\/image\/\",\"url\":\"https:\/\/secure.gravatar.com\/avatar\/d0fc7d68e15c7c456cf6f1b9b774d54a7a9e6452d8deac23b3f1ef133710d3d3?s=96&d=mm&r=g\",\"contentUrl\":\"https:\/\/secure.gravatar.com\/avatar\/d0fc7d68e15c7c456cf6f1b9b774d54a7a9e6452d8deac23b3f1ef133710d3d3?s=96&d=mm&r=g\",\"caption\":\"administrateur2\"},\"logo\":{\"@id\":\"https:\/\/charles-de-flahaut.fr\/annuaire-histoire-communes\/#\/schema\/person\/image\/\"},\"sameAs\":[\"https:\/\/www.facebook.com\/Sites.HistoiredeFrance\"]}]}<\/script>\n<!-- \/ Yoast SEO plugin. -->","yoast_head_json":{"title":"Histoire et patrimoine de La Jarne (17) - Annuaire Historique des Communes de France","robots":{"index":"index","follow":"follow","max-snippet":"max-snippet:-1","max-image-preview":"max-image-preview:large","max-video-preview":"max-video-preview:-1"},"canonical":"https:\/\/charles-de-flahaut.fr\/annuaire-histoire-communes\/annuaire-professionnel\/histoire-et-patrimoine-de-la-jarne-17\/","og_locale":"fr_FR","og_type":"article","og_title":"Histoire et patrimoine de La Jarne (17) - Annuaire Historique des Communes de France","og_description":"Une page d&rsquo;histoire pour 2 personnages locaux : Jean Guiton et Gabriel Rondeau. Une page patrimoine pour Le dolmen dit de \u00ab\u00a0la Pierre Lev\u00e9e\u00a0\u00bb et la l\u00e9gende de la f\u00e9e M\u00e9lusine, L\u2019\u00e9glise Notre Dame (XI\u00e8me si\u00e8cle) et le Ch\u00e2teau de &hellip; Continuer la lecture &rarr;","og_url":"https:\/\/charles-de-flahaut.fr\/annuaire-histoire-communes\/annuaire-professionnel\/histoire-et-patrimoine-de-la-jarne-17\/","og_site_name":"Annuaire Historique des Communes de France","article_publisher":"https:\/\/www.facebook.com\/Sites.HistoiredeFrance","twitter_card":"summary_large_image","schema":{"@context":"https:\/\/schema.org","@graph":[{"@type":"WebPage","@id":"https:\/\/charles-de-flahaut.fr\/annuaire-histoire-communes\/annuaire-professionnel\/histoire-et-patrimoine-de-la-jarne-17\/","url":"https:\/\/charles-de-flahaut.fr\/annuaire-histoire-communes\/annuaire-professionnel\/histoire-et-patrimoine-de-la-jarne-17\/","name":"Histoire et patrimoine de La Jarne (17) - Annuaire Historique des Communes de France","isPartOf":{"@id":"https:\/\/charles-de-flahaut.fr\/annuaire-histoire-communes\/#website"},"datePublished":"2017-04-20T18:06:31+00:00","breadcrumb":{"@id":"https:\/\/charles-de-flahaut.fr\/annuaire-histoire-communes\/annuaire-professionnel\/histoire-et-patrimoine-de-la-jarne-17\/#breadcrumb"},"inLanguage":"fr-FR","potentialAction":[{"@type":"ReadAction","target":["https:\/\/charles-de-flahaut.fr\/annuaire-histoire-communes\/annuaire-professionnel\/histoire-et-patrimoine-de-la-jarne-17\/"]}]},{"@type":"BreadcrumbList","@id":"https:\/\/charles-de-flahaut.fr\/annuaire-histoire-communes\/annuaire-professionnel\/histoire-et-patrimoine-de-la-jarne-17\/#breadcrumb","itemListElement":[{"@type":"ListItem","position":1,"name":"Accueil","item":"https:\/\/charles-de-flahaut.fr\/annuaire-histoire-communes\/"},{"@type":"ListItem","position":2,"name":"Histoire et patrimoine de La Jarne (17)"}]},{"@type":"WebSite","@id":"https:\/\/charles-de-flahaut.fr\/annuaire-histoire-communes\/#website","url":"https:\/\/charles-de-flahaut.fr\/annuaire-histoire-communes\/","name":"Annuaire Historique des Communes de France","description":"annuaire recensant les pages relatives \u00e0 l&#039;Histoire et au Patrimoine des villes et villages de France","publisher":{"@id":"https:\/\/charles-de-flahaut.fr\/annuaire-histoire-communes\/#\/schema\/person\/d16946e994227e7154f6f213ea03ae7b"},"potentialAction":[{"@type":"SearchAction","target":{"@type":"EntryPoint","urlTemplate":"https:\/\/charles-de-flahaut.fr\/annuaire-histoire-communes\/?s={search_term_string}"},"query-input":{"@type":"PropertyValueSpecification","valueRequired":true,"valueName":"search_term_string"}}],"inLanguage":"fr-FR"},{"@type":["Person","Organization"],"@id":"https:\/\/charles-de-flahaut.fr\/annuaire-histoire-communes\/#\/schema\/person\/d16946e994227e7154f6f213ea03ae7b","name":"administrateur2","image":{"@type":"ImageObject","inLanguage":"fr-FR","@id":"https:\/\/charles-de-flahaut.fr\/annuaire-histoire-communes\/#\/schema\/person\/image\/","url":"https:\/\/secure.gravatar.com\/avatar\/d0fc7d68e15c7c456cf6f1b9b774d54a7a9e6452d8deac23b3f1ef133710d3d3?s=96&d=mm&r=g","contentUrl":"https:\/\/secure.gravatar.com\/avatar\/d0fc7d68e15c7c456cf6f1b9b774d54a7a9e6452d8deac23b3f1ef133710d3d3?s=96&d=mm&r=g","caption":"administrateur2"},"logo":{"@id":"https:\/\/charles-de-flahaut.fr\/annuaire-histoire-communes\/#\/schema\/person\/image\/"},"sameAs":["https:\/\/www.facebook.com\/Sites.HistoiredeFrance"]}]}},"amp_enabled":true,"_links":{"self":[{"href":"https:\/\/charles-de-flahaut.fr\/annuaire-histoire-communes\/wp-json\/wp\/v2\/wpbdp_listing\/6471","targetHints":{"allow":["GET"]}}],"collection":[{"href":"https:\/\/charles-de-flahaut.fr\/annuaire-histoire-communes\/wp-json\/wp\/v2\/wpbdp_listing"}],"about":[{"href":"https:\/\/charles-de-flahaut.fr\/annuaire-histoire-communes\/wp-json\/wp\/v2\/types\/wpbdp_listing"}],"author":[{"embeddable":true,"href":"https:\/\/charles-de-flahaut.fr\/annuaire-histoire-communes\/wp-json\/wp\/v2\/users\/1"}],"replies":[{"embeddable":true,"href":"https:\/\/charles-de-flahaut.fr\/annuaire-histoire-communes\/wp-json\/wp\/v2\/comments?post=6471"}],"wp:attachment":[{"href":"https:\/\/charles-de-flahaut.fr\/annuaire-histoire-communes\/wp-json\/wp\/v2\/media?parent=6471"}],"wp:term":[{"taxonomy":"wpbdp_category","embeddable":true,"href":"https:\/\/charles-de-flahaut.fr\/annuaire-histoire-communes\/wp-json\/wp\/v2\/wpbdp_category?post=6471"},{"taxonomy":"wpbdp_tag","embeddable":true,"href":"https:\/\/charles-de-flahaut.fr\/annuaire-histoire-communes\/wp-json\/wp\/v2\/wpbdp_tag?post=6471"}],"curies":[{"name":"wp","href":"https:\/\/api.w.org\/{rel}","templated":true}]}}

<p>Une page d&rsquo;histoire pour 2 personnages locaux : Jean Guiton et Gabriel Rondeau.<br />
Une page patrimoine pour Le dolmen dit de « la Pierre Levée » et la légende de la fée Mélusine, L’église Notre Dame (XIème siècle) et le Château de Buzay (18ème siècle)</p>

<p>Une page d&rsquo;histoire pour 2 personnages locaux : Jean Guiton et Gabriel Rondeau. Une page patrimoine pour Le dolmen dit de « la Pierre Levée » et la légende de la fée Mélusine, L’église Notre Dame (XIème siècle) et le Château de &hellip; <a href="https://charles-de-flahaut.fr/annuaire-histoire-communes/annuaire-professionnel/histoire-et-patrimoine-de-la-jarne-17/">Continuer la lecture <span class="meta-nav">&rarr;</span></a></p>

<!-- This site is optimized with the Yoast SEO plugin v26.6 - https://yoast.com/wordpress/plugins/seo/ -->
<title>Histoire et patrimoine de La Jarne (17) - Annuaire Historique des Communes de France</title>
<meta name="robots" content="index, follow, max-snippet:-1, max-image-preview:large, max-video-preview:-1" />
<link rel="canonical" href="https://charles-de-flahaut.fr/annuaire-histoire-communes/annuaire-professionnel/histoire-et-patrimoine-de-la-jarne-17/" />
<meta property="og:locale" content="fr_FR" />
<meta property="og:type" content="article" />
<meta property="og:title" content="Histoire et patrimoine de La Jarne (17) - Annuaire Historique des Communes de France" />
<meta property="og:description" content="Une page d&rsquo;histoire pour 2 personnages locaux : Jean Guiton et Gabriel Rondeau. Une page patrimoine pour Le dolmen dit de « la Pierre Levée » et la légende de la fée Mélusine, L’église Notre Dame (XIème siècle) et le Château de &hellip; Continuer la lecture &rarr;" />
<meta property="og:url" content="https://charles-de-flahaut.fr/annuaire-histoire-communes/annuaire-professionnel/histoire-et-patrimoine-de-la-jarne-17/" />
<meta property="og:site_name" content="Annuaire Historique des Communes de France" />
<meta property="article:publisher" content="https://www.facebook.com/Sites.HistoiredeFrance" />
<meta name="twitter:card" content="summary_large_image" />
<script type="application/ld+json" class="yoast-schema-graph">{"@context":"https://schema.org","@graph":[{"@type":"WebPage","@id":"https://charles-de-flahaut.fr/annuaire-histoire-communes/annuaire-professionnel/histoire-et-patrimoine-de-la-jarne-17/","url":"https://charles-de-flahaut.fr/annuaire-histoire-communes/annuaire-professionnel/histoire-et-patrimoine-de-la-jarne-17/","name":"Histoire et patrimoine de La Jarne (17) - Annuaire Historique des Communes de France","isPartOf":{"@id":"https://charles-de-flahaut.fr/annuaire-histoire-communes/#website"},"datePublished":"2017-04-20T18:06:31+00:00","breadcrumb":{"@id":"https://charles-de-flahaut.fr/annuaire-histoire-communes/annuaire-professionnel/histoire-et-patrimoine-de-la-jarne-17/#breadcrumb"},"inLanguage":"fr-FR","potentialAction":[{"@type":"ReadAction","target":["https://charles-de-flahaut.fr/annuaire-histoire-communes/annuaire-professionnel/histoire-et-patrimoine-de-la-jarne-17/"]}]},{"@type":"BreadcrumbList","@id":"https://charles-de-flahaut.fr/annuaire-histoire-communes/annuaire-professionnel/histoire-et-patrimoine-de-la-jarne-17/#breadcrumb","itemListElement":[{"@type":"ListItem","position":1,"name":"Accueil","item":"https://charles-de-flahaut.fr/annuaire-histoire-communes/"},{"@type":"ListItem","position":2,"name":"Histoire et patrimoine de La Jarne (17)"}]},{"@type":"WebSite","@id":"https://charles-de-flahaut.fr/annuaire-histoire-communes/#website","url":"https://charles-de-flahaut.fr/annuaire-histoire-communes/","name":"Annuaire Historique des Communes de France","description":"annuaire recensant les pages relatives à l&#039;Histoire et au Patrimoine des villes et villages de France","publisher":{"@id":"https://charles-de-flahaut.fr/annuaire-histoire-communes/#/schema/person/d16946e994227e7154f6f213ea03ae7b"},"potentialAction":[{"@type":"SearchAction","target":{"@type":"EntryPoint","urlTemplate":"https://charles-de-flahaut.fr/annuaire-histoire-communes/?s={search_term_string}"},"query-input":{"@type":"PropertyValueSpecification","valueRequired":true,"valueName":"search_term_string"}}],"inLanguage":"fr-FR"},{"@type":["Person","Organization"],"@id":"https://charles-de-flahaut.fr/annuaire-histoire-communes/#/schema/person/d16946e994227e7154f6f213ea03ae7b","name":"administrateur2","image":{"@type":"ImageObject","inLanguage":"fr-FR","@id":"https://charles-de-flahaut.fr/annuaire-histoire-communes/#/schema/person/image/","url":"https://secure.gravatar.com/avatar/d0fc7d68e15c7c456cf6f1b9b774d54a7a9e6452d8deac23b3f1ef133710d3d3?s=96&d=mm&r=g","contentUrl":"https://secure.gravatar.com/avatar/d0fc7d68e15c7c456cf6f1b9b774d54a7a9e6452d8deac23b3f1ef133710d3d3?s=96&d=mm&r=g","caption":"administrateur2"},"logo":{"@id":"https://charles-de-flahaut.fr/annuaire-histoire-communes/#/schema/person/image/"},"sameAs":["https://www.facebook.com/Sites.HistoiredeFrance"]}]}</script>
<!-- / Yoast SEO plugin. -->

Une page d&rsquo;histoire pour 2 personnages locaux : Jean Guiton et Gabriel Rondeau. Une page patrimoine pour Le dolmen dit de « la Pierre Levée » et la légende de la fée Mélusine, L’église Notre Dame (XIème siècle) et le Château de &hellip; Continuer la lecture &rarr;

annuaire recensant les pages relatives à l&#039;Histoire et au Patrimoine des villes et villages de France
