{"id":8746,"date":"2017-04-28T14:41:12","date_gmt":"2017-04-28T12:41:12","guid":{"rendered":"http:\/\/charles-de-flahaut.fr\/annuaire-histoire-communes\/annuaire-professionnel\/8746\/?post_type=wpbdp_listing&#038;p=8746"},"modified":"2017-04-28T14:41:12","modified_gmt":"2017-04-28T12:41:12","slug":"histoire-et-patrimoine-de-saint-jean-de-valeriscle-gard","status":"publish","type":"wpbdp_listing","link":"https:\/\/charles-de-flahaut.fr\/annuaire-histoire-communes\/annuaire-professionnel\/histoire-et-patrimoine-de-saint-jean-de-valeriscle-gard\/","title":{"rendered":"Histoire et patrimoine de Saint Jean de Valeriscle (Gard)"},"content":{"rendered":"<p>Il y a fort longtemps, quelques centurions qui avaient travers\u00e9 les C\u00e9vennes pendant la Guerre des Gaules re\u00e7urent quelques terres de la vall\u00e9e de l\u2019Auzonnet des mains de Jules C\u00e9sar lui-m\u00eame.<\/p>\n<p>Au cours des si\u00e8cles qui suivirent, une activit\u00e9 pastorale s\u2019\u00e9tablit dans la vall\u00e9e, parall\u00e8lement \u00e0 un artisanat n\u00e9 autour du minerai de fer. Plus tard, \u00e0 l\u2019aube du deuxi\u00e8me mill\u00e9naire, des moines b\u00e9n\u00e9dictins s\u00e9duits par la beaut\u00e9 du site et l\u2019abondance des sources s\u2019install\u00e8rent \u00e0 leur tour dans la vall\u00e9e&#8230;<\/p>\n<p>(image et extrait du site officiel de la commune)<\/p>\n","protected":false},"excerpt":{"rendered":"<p>Il y a fort longtemps, quelques centurions qui avaient travers\u00e9 les C\u00e9vennes pendant la Guerre des Gaules re\u00e7urent quelques terres de la vall\u00e9e de l\u2019Auzonnet des mains de Jules C\u00e9sar lui-m\u00eame. Au cours des si\u00e8cles qui suivirent, une activit\u00e9 pastorale &hellip; <a href=\"https:\/\/charles-de-flahaut.fr\/annuaire-histoire-communes\/annuaire-professionnel\/histoire-et-patrimoine-de-saint-jean-de-valeriscle-gard\/\">Continuer la lecture <span class=\"meta-nav\">&rarr;<\/span><\/a><\/p>\n","protected":false},"author":1,"featured_media":0,"comment_status":"open","ping_status":"closed","template":"","meta":[],"wpbdp_category":[77],"wpbdp_tag":[],"class_list":["post-8746","wpbdp_listing","type-wpbdp_listing","status-publish","hentry","wpbdp_category-30-gard"],"yoast_head":"<!-- This site is optimized with the Yoast SEO plugin v26.6 - https:\/\/yoast.com\/wordpress\/plugins\/seo\/ -->\n<title>Histoire et patrimoine de Saint Jean de Valeriscle (Gard) - Annuaire Historique des Communes de France<\/title>\n<meta name=\"robots\" content=\"index, follow, max-snippet:-1, max-image-preview:large, max-video-preview:-1\" \/>\n<link rel=\"canonical\" href=\"https:\/\/charles-de-flahaut.fr\/annuaire-histoire-communes\/annuaire-professionnel\/histoire-et-patrimoine-de-saint-jean-de-valeriscle-gard\/\" \/>\n<meta property=\"og:locale\" content=\"fr_FR\" \/>\n<meta property=\"og:type\" content=\"article\" \/>\n<meta property=\"og:title\" content=\"Histoire et patrimoine de Saint Jean de Valeriscle (Gard) - Annuaire Historique des Communes de France\" \/>\n<meta property=\"og:description\" content=\"Il y a fort longtemps, quelques centurions qui avaient travers\u00e9 les C\u00e9vennes pendant la Guerre des Gaules re\u00e7urent quelques terres de la vall\u00e9e de l\u2019Auzonnet des mains de Jules C\u00e9sar lui-m\u00eame. Au cours des si\u00e8cles qui suivirent, une activit\u00e9 pastorale &hellip; Continuer la lecture &rarr;\" \/>\n<meta property=\"og:url\" content=\"https:\/\/charles-de-flahaut.fr\/annuaire-histoire-communes\/annuaire-professionnel\/histoire-et-patrimoine-de-saint-jean-de-valeriscle-gard\/\" \/>\n<meta property=\"og:site_name\" content=\"Annuaire Historique des Communes de France\" \/>\n<meta property=\"article:publisher\" content=\"https:\/\/www.facebook.com\/Sites.HistoiredeFrance\" \/>\n<meta name=\"twitter:card\" content=\"summary_large_image\" \/>\n<meta name=\"twitter:label1\" content=\"Dur\u00e9e de lecture estim\u00e9e\" \/>\n\t<meta name=\"twitter:data1\" content=\"1 minute\" \/>\n<script type=\"application\/ld+json\" class=\"yoast-schema-graph\">{\"@context\":\"https:\/\/schema.org\",\"@graph\":[{\"@type\":\"WebPage\",\"@id\":\"https:\/\/charles-de-flahaut.fr\/annuaire-histoire-communes\/annuaire-professionnel\/histoire-et-patrimoine-de-saint-jean-de-valeriscle-gard\/\",\"url\":\"https:\/\/charles-de-flahaut.fr\/annuaire-histoire-communes\/annuaire-professionnel\/histoire-et-patrimoine-de-saint-jean-de-valeriscle-gard\/\",\"name\":\"Histoire et patrimoine de Saint Jean de Valeriscle (Gard) - Annuaire Historique des Communes de France\",\"isPartOf\":{\"@id\":\"https:\/\/charles-de-flahaut.fr\/annuaire-histoire-communes\/#website\"},\"datePublished\":\"2017-04-28T12:41:12+00:00\",\"breadcrumb\":{\"@id\":\"https:\/\/charles-de-flahaut.fr\/annuaire-histoire-communes\/annuaire-professionnel\/histoire-et-patrimoine-de-saint-jean-de-valeriscle-gard\/#breadcrumb\"},\"inLanguage\":\"fr-FR\",\"potentialAction\":[{\"@type\":\"ReadAction\",\"target\":[\"https:\/\/charles-de-flahaut.fr\/annuaire-histoire-communes\/annuaire-professionnel\/histoire-et-patrimoine-de-saint-jean-de-valeriscle-gard\/\"]}]},{\"@type\":\"BreadcrumbList\",\"@id\":\"https:\/\/charles-de-flahaut.fr\/annuaire-histoire-communes\/annuaire-professionnel\/histoire-et-patrimoine-de-saint-jean-de-valeriscle-gard\/#breadcrumb\",\"itemListElement\":[{\"@type\":\"ListItem\",\"position\":1,\"name\":\"Accueil\",\"item\":\"https:\/\/charles-de-flahaut.fr\/annuaire-histoire-communes\/\"},{\"@type\":\"ListItem\",\"position\":2,\"name\":\"Histoire et patrimoine de Saint Jean de Valeriscle (Gard)\"}]},{\"@type\":\"WebSite\",\"@id\":\"https:\/\/charles-de-flahaut.fr\/annuaire-histoire-communes\/#website\",\"url\":\"https:\/\/charles-de-flahaut.fr\/annuaire-histoire-communes\/\",\"name\":\"Annuaire Historique des Communes de France\",\"description\":\"annuaire recensant les pages relatives \u00e0 l&#039;Histoire et au Patrimoine des villes et villages de France\",\"publisher\":{\"@id\":\"https:\/\/charles-de-flahaut.fr\/annuaire-histoire-communes\/#\/schema\/person\/d16946e994227e7154f6f213ea03ae7b\"},\"potentialAction\":[{\"@type\":\"SearchAction\",\"target\":{\"@type\":\"EntryPoint\",\"urlTemplate\":\"https:\/\/charles-de-flahaut.fr\/annuaire-histoire-communes\/?s={search_term_string}\"},\"query-input\":{\"@type\":\"PropertyValueSpecification\",\"valueRequired\":true,\"valueName\":\"search_term_string\"}}],\"inLanguage\":\"fr-FR\"},{\"@type\":[\"Person\",\"Organization\"],\"@id\":\"https:\/\/charles-de-flahaut.fr\/annuaire-histoire-communes\/#\/schema\/person\/d16946e994227e7154f6f213ea03ae7b\",\"name\":\"administrateur2\",\"image\":{\"@type\":\"ImageObject\",\"inLanguage\":\"fr-FR\",\"@id\":\"https:\/\/charles-de-flahaut.fr\/annuaire-histoire-communes\/#\/schema\/person\/image\/\",\"url\":\"https:\/\/secure.gravatar.com\/avatar\/d0fc7d68e15c7c456cf6f1b9b774d54a7a9e6452d8deac23b3f1ef133710d3d3?s=96&d=mm&r=g\",\"contentUrl\":\"https:\/\/secure.gravatar.com\/avatar\/d0fc7d68e15c7c456cf6f1b9b774d54a7a9e6452d8deac23b3f1ef133710d3d3?s=96&d=mm&r=g\",\"caption\":\"administrateur2\"},\"logo\":{\"@id\":\"https:\/\/charles-de-flahaut.fr\/annuaire-histoire-communes\/#\/schema\/person\/image\/\"},\"sameAs\":[\"https:\/\/www.facebook.com\/Sites.HistoiredeFrance\"]}]}<\/script>\n<!-- \/ Yoast SEO plugin. -->","yoast_head_json":{"title":"Histoire et patrimoine de Saint Jean de Valeriscle (Gard) - Annuaire Historique des Communes de France","robots":{"index":"index","follow":"follow","max-snippet":"max-snippet:-1","max-image-preview":"max-image-preview:large","max-video-preview":"max-video-preview:-1"},"canonical":"https:\/\/charles-de-flahaut.fr\/annuaire-histoire-communes\/annuaire-professionnel\/histoire-et-patrimoine-de-saint-jean-de-valeriscle-gard\/","og_locale":"fr_FR","og_type":"article","og_title":"Histoire et patrimoine de Saint Jean de Valeriscle (Gard) - Annuaire Historique des Communes de France","og_description":"Il y a fort longtemps, quelques centurions qui avaient travers\u00e9 les C\u00e9vennes pendant la Guerre des Gaules re\u00e7urent quelques terres de la vall\u00e9e de l\u2019Auzonnet des mains de Jules C\u00e9sar lui-m\u00eame. Au cours des si\u00e8cles qui suivirent, une activit\u00e9 pastorale &hellip; Continuer la lecture &rarr;","og_url":"https:\/\/charles-de-flahaut.fr\/annuaire-histoire-communes\/annuaire-professionnel\/histoire-et-patrimoine-de-saint-jean-de-valeriscle-gard\/","og_site_name":"Annuaire Historique des Communes de France","article_publisher":"https:\/\/www.facebook.com\/Sites.HistoiredeFrance","twitter_card":"summary_large_image","twitter_misc":{"Dur\u00e9e de lecture estim\u00e9e":"1 minute"},"schema":{"@context":"https:\/\/schema.org","@graph":[{"@type":"WebPage","@id":"https:\/\/charles-de-flahaut.fr\/annuaire-histoire-communes\/annuaire-professionnel\/histoire-et-patrimoine-de-saint-jean-de-valeriscle-gard\/","url":"https:\/\/charles-de-flahaut.fr\/annuaire-histoire-communes\/annuaire-professionnel\/histoire-et-patrimoine-de-saint-jean-de-valeriscle-gard\/","name":"Histoire et patrimoine de Saint Jean de Valeriscle (Gard) - Annuaire Historique des Communes de France","isPartOf":{"@id":"https:\/\/charles-de-flahaut.fr\/annuaire-histoire-communes\/#website"},"datePublished":"2017-04-28T12:41:12+00:00","breadcrumb":{"@id":"https:\/\/charles-de-flahaut.fr\/annuaire-histoire-communes\/annuaire-professionnel\/histoire-et-patrimoine-de-saint-jean-de-valeriscle-gard\/#breadcrumb"},"inLanguage":"fr-FR","potentialAction":[{"@type":"ReadAction","target":["https:\/\/charles-de-flahaut.fr\/annuaire-histoire-communes\/annuaire-professionnel\/histoire-et-patrimoine-de-saint-jean-de-valeriscle-gard\/"]}]},{"@type":"BreadcrumbList","@id":"https:\/\/charles-de-flahaut.fr\/annuaire-histoire-communes\/annuaire-professionnel\/histoire-et-patrimoine-de-saint-jean-de-valeriscle-gard\/#breadcrumb","itemListElement":[{"@type":"ListItem","position":1,"name":"Accueil","item":"https:\/\/charles-de-flahaut.fr\/annuaire-histoire-communes\/"},{"@type":"ListItem","position":2,"name":"Histoire et patrimoine de Saint Jean de Valeriscle (Gard)"}]},{"@type":"WebSite","@id":"https:\/\/charles-de-flahaut.fr\/annuaire-histoire-communes\/#website","url":"https:\/\/charles-de-flahaut.fr\/annuaire-histoire-communes\/","name":"Annuaire Historique des Communes de France","description":"annuaire recensant les pages relatives \u00e0 l&#039;Histoire et au Patrimoine des villes et villages de France","publisher":{"@id":"https:\/\/charles-de-flahaut.fr\/annuaire-histoire-communes\/#\/schema\/person\/d16946e994227e7154f6f213ea03ae7b"},"potentialAction":[{"@type":"SearchAction","target":{"@type":"EntryPoint","urlTemplate":"https:\/\/charles-de-flahaut.fr\/annuaire-histoire-communes\/?s={search_term_string}"},"query-input":{"@type":"PropertyValueSpecification","valueRequired":true,"valueName":"search_term_string"}}],"inLanguage":"fr-FR"},{"@type":["Person","Organization"],"@id":"https:\/\/charles-de-flahaut.fr\/annuaire-histoire-communes\/#\/schema\/person\/d16946e994227e7154f6f213ea03ae7b","name":"administrateur2","image":{"@type":"ImageObject","inLanguage":"fr-FR","@id":"https:\/\/charles-de-flahaut.fr\/annuaire-histoire-communes\/#\/schema\/person\/image\/","url":"https:\/\/secure.gravatar.com\/avatar\/d0fc7d68e15c7c456cf6f1b9b774d54a7a9e6452d8deac23b3f1ef133710d3d3?s=96&d=mm&r=g","contentUrl":"https:\/\/secure.gravatar.com\/avatar\/d0fc7d68e15c7c456cf6f1b9b774d54a7a9e6452d8deac23b3f1ef133710d3d3?s=96&d=mm&r=g","caption":"administrateur2"},"logo":{"@id":"https:\/\/charles-de-flahaut.fr\/annuaire-histoire-communes\/#\/schema\/person\/image\/"},"sameAs":["https:\/\/www.facebook.com\/Sites.HistoiredeFrance"]}]}},"amp_enabled":true,"_links":{"self":[{"href":"https:\/\/charles-de-flahaut.fr\/annuaire-histoire-communes\/wp-json\/wp\/v2\/wpbdp_listing\/8746","targetHints":{"allow":["GET"]}}],"collection":[{"href":"https:\/\/charles-de-flahaut.fr\/annuaire-histoire-communes\/wp-json\/wp\/v2\/wpbdp_listing"}],"about":[{"href":"https:\/\/charles-de-flahaut.fr\/annuaire-histoire-communes\/wp-json\/wp\/v2\/types\/wpbdp_listing"}],"author":[{"embeddable":true,"href":"https:\/\/charles-de-flahaut.fr\/annuaire-histoire-communes\/wp-json\/wp\/v2\/users\/1"}],"replies":[{"embeddable":true,"href":"https:\/\/charles-de-flahaut.fr\/annuaire-histoire-communes\/wp-json\/wp\/v2\/comments?post=8746"}],"wp:attachment":[{"href":"https:\/\/charles-de-flahaut.fr\/annuaire-histoire-communes\/wp-json\/wp\/v2\/media?parent=8746"}],"wp:term":[{"taxonomy":"wpbdp_category","embeddable":true,"href":"https:\/\/charles-de-flahaut.fr\/annuaire-histoire-communes\/wp-json\/wp\/v2\/wpbdp_category?post=8746"},{"taxonomy":"wpbdp_tag","embeddable":true,"href":"https:\/\/charles-de-flahaut.fr\/annuaire-histoire-communes\/wp-json\/wp\/v2\/wpbdp_tag?post=8746"}],"curies":[{"name":"wp","href":"https:\/\/api.w.org\/{rel}","templated":true}]}}

<p>Il y a fort longtemps, quelques centurions qui avaient traversé les Cévennes pendant la Guerre des Gaules reçurent quelques terres de la vallée de l’Auzonnet des mains de Jules César lui-même.</p>
<p>Au cours des siècles qui suivirent, une activité pastorale s’établit dans la vallée, parallèlement à un artisanat né autour du minerai de fer. Plus tard, à l’aube du deuxième millénaire, des moines bénédictins séduits par la beauté du site et l’abondance des sources s’installèrent à leur tour dans la vallée&#8230;</p>
<p>(image et extrait du site officiel de la commune)</p>

<p>Il y a fort longtemps, quelques centurions qui avaient traversé les Cévennes pendant la Guerre des Gaules reçurent quelques terres de la vallée de l’Auzonnet des mains de Jules César lui-même. Au cours des siècles qui suivirent, une activité pastorale &hellip; <a href="https://charles-de-flahaut.fr/annuaire-histoire-communes/annuaire-professionnel/histoire-et-patrimoine-de-saint-jean-de-valeriscle-gard/">Continuer la lecture <span class="meta-nav">&rarr;</span></a></p>

<!-- This site is optimized with the Yoast SEO plugin v26.6 - https://yoast.com/wordpress/plugins/seo/ -->
<title>Histoire et patrimoine de Saint Jean de Valeriscle (Gard) - Annuaire Historique des Communes de France</title>
<meta name="robots" content="index, follow, max-snippet:-1, max-image-preview:large, max-video-preview:-1" />
<link rel="canonical" href="https://charles-de-flahaut.fr/annuaire-histoire-communes/annuaire-professionnel/histoire-et-patrimoine-de-saint-jean-de-valeriscle-gard/" />
<meta property="og:locale" content="fr_FR" />
<meta property="og:type" content="article" />
<meta property="og:title" content="Histoire et patrimoine de Saint Jean de Valeriscle (Gard) - Annuaire Historique des Communes de France" />
<meta property="og:description" content="Il y a fort longtemps, quelques centurions qui avaient traversé les Cévennes pendant la Guerre des Gaules reçurent quelques terres de la vallée de l’Auzonnet des mains de Jules César lui-même. Au cours des siècles qui suivirent, une activité pastorale &hellip; Continuer la lecture &rarr;" />
<meta property="og:url" content="https://charles-de-flahaut.fr/annuaire-histoire-communes/annuaire-professionnel/histoire-et-patrimoine-de-saint-jean-de-valeriscle-gard/" />
<meta property="og:site_name" content="Annuaire Historique des Communes de France" />
<meta property="article:publisher" content="https://www.facebook.com/Sites.HistoiredeFrance" />
<meta name="twitter:card" content="summary_large_image" />
<meta name="twitter:label1" content="Durée de lecture estimée" />
	<meta name="twitter:data1" content="1 minute" />
<script type="application/ld+json" class="yoast-schema-graph">{"@context":"https://schema.org","@graph":[{"@type":"WebPage","@id":"https://charles-de-flahaut.fr/annuaire-histoire-communes/annuaire-professionnel/histoire-et-patrimoine-de-saint-jean-de-valeriscle-gard/","url":"https://charles-de-flahaut.fr/annuaire-histoire-communes/annuaire-professionnel/histoire-et-patrimoine-de-saint-jean-de-valeriscle-gard/","name":"Histoire et patrimoine de Saint Jean de Valeriscle (Gard) - Annuaire Historique des Communes de France","isPartOf":{"@id":"https://charles-de-flahaut.fr/annuaire-histoire-communes/#website"},"datePublished":"2017-04-28T12:41:12+00:00","breadcrumb":{"@id":"https://charles-de-flahaut.fr/annuaire-histoire-communes/annuaire-professionnel/histoire-et-patrimoine-de-saint-jean-de-valeriscle-gard/#breadcrumb"},"inLanguage":"fr-FR","potentialAction":[{"@type":"ReadAction","target":["https://charles-de-flahaut.fr/annuaire-histoire-communes/annuaire-professionnel/histoire-et-patrimoine-de-saint-jean-de-valeriscle-gard/"]}]},{"@type":"BreadcrumbList","@id":"https://charles-de-flahaut.fr/annuaire-histoire-communes/annuaire-professionnel/histoire-et-patrimoine-de-saint-jean-de-valeriscle-gard/#breadcrumb","itemListElement":[{"@type":"ListItem","position":1,"name":"Accueil","item":"https://charles-de-flahaut.fr/annuaire-histoire-communes/"},{"@type":"ListItem","position":2,"name":"Histoire et patrimoine de Saint Jean de Valeriscle (Gard)"}]},{"@type":"WebSite","@id":"https://charles-de-flahaut.fr/annuaire-histoire-communes/#website","url":"https://charles-de-flahaut.fr/annuaire-histoire-communes/","name":"Annuaire Historique des Communes de France","description":"annuaire recensant les pages relatives à l&#039;Histoire et au Patrimoine des villes et villages de France","publisher":{"@id":"https://charles-de-flahaut.fr/annuaire-histoire-communes/#/schema/person/d16946e994227e7154f6f213ea03ae7b"},"potentialAction":[{"@type":"SearchAction","target":{"@type":"EntryPoint","urlTemplate":"https://charles-de-flahaut.fr/annuaire-histoire-communes/?s={search_term_string}"},"query-input":{"@type":"PropertyValueSpecification","valueRequired":true,"valueName":"search_term_string"}}],"inLanguage":"fr-FR"},{"@type":["Person","Organization"],"@id":"https://charles-de-flahaut.fr/annuaire-histoire-communes/#/schema/person/d16946e994227e7154f6f213ea03ae7b","name":"administrateur2","image":{"@type":"ImageObject","inLanguage":"fr-FR","@id":"https://charles-de-flahaut.fr/annuaire-histoire-communes/#/schema/person/image/","url":"https://secure.gravatar.com/avatar/d0fc7d68e15c7c456cf6f1b9b774d54a7a9e6452d8deac23b3f1ef133710d3d3?s=96&d=mm&r=g","contentUrl":"https://secure.gravatar.com/avatar/d0fc7d68e15c7c456cf6f1b9b774d54a7a9e6452d8deac23b3f1ef133710d3d3?s=96&d=mm&r=g","caption":"administrateur2"},"logo":{"@id":"https://charles-de-flahaut.fr/annuaire-histoire-communes/#/schema/person/image/"},"sameAs":["https://www.facebook.com/Sites.HistoiredeFrance"]}]}</script>
<!-- / Yoast SEO plugin. -->

Il y a fort longtemps, quelques centurions qui avaient traversé les Cévennes pendant la Guerre des Gaules reçurent quelques terres de la vallée de l’Auzonnet des mains de Jules César lui-même. Au cours des siècles qui suivirent, une activité pastorale &hellip; Continuer la lecture &rarr;

annuaire recensant les pages relatives à l&#039;Histoire et au Patrimoine des villes et villages de France
